CRAN Package Check Results for Package IBMPopSim

Last updated on 2025-01-17 22:50:18 CET.

Flavor Version Tinstall Tcheck Ttotal Status Flags
r-devel-linux-x86_64-debian-clang 1.1.0 16.93 91.89 108.82 OK
r-devel-linux-x86_64-debian-gcc 1.1.0 12.83 69.98 82.81 OK
r-devel-linux-x86_64-fedora-clang 1.1.0 182.86 OK
r-devel-linux-x86_64-fedora-gcc 1.1.0 189.30 OK
r-devel-windows-x86_64 1.1.0 22.00 194.00 216.00 OK
r-patched-linux-x86_64 1.1.0 20.46 87.63 108.09 OK
r-release-linux-x86_64 1.1.0 17.15 87.50 104.65 OK
r-release-macos-arm64 1.1.0 83.00 NOTE
r-release-macos-x86_64 1.1.0 118.00 NOTE
r-release-windows-x86_64 1.1.0 23.00 187.00 210.00 OK
r-oldrel-macos-arm64 1.1.0 75.00 NOTE
r-oldrel-macos-x86_64 1.1.0 118.00 NOTE
r-oldrel-windows-x86_64 1.1.0 27.00 200.00 227.00 NOTE

Check Details

Version: 1.1.0
Check: installed package size
Result: NOTE installed size is 5.2Mb sub-directories of 1Mb or more: data 2.1Mb doc 1.7Mb libs 1.0Mb Flavors: r-release-macos-arm64, r-release-macos-x86_64, r-oldrel-macos-arm64, r-oldrel-macos-x86_64, r-oldrel-windows-x86_64