CRAN Package Check Results for Package IBrokers

Last updated on 2019-09-16 22:49:24 CEST.

Flavor Version Tinstall Tcheck Ttotal Status Flags
r-devel-linux-x86_64-debian-clang 0.9-12 5.92 43.15 49.07 NOTE
r-devel-linux-x86_64-debian-gcc 0.9-12 4.86 34.81 39.67 NOTE
r-devel-linux-x86_64-fedora-clang 0.9-12 62.39 NOTE
r-devel-linux-x86_64-fedora-gcc 0.9-12 60.59 NOTE
r-devel-windows-ix86+x86_64 0.9-12 14.00 66.00 80.00 NOTE
r-patched-linux-x86_64 0.9-12 4.60 43.44 48.04 NOTE
r-patched-solaris-x86 0.9-12 82.40 NOTE
r-release-linux-x86_64 0.9-12 6.12 44.14 50.26 NOTE
r-release-windows-ix86+x86_64 0.9-12 9.00 104.00 113.00 NOTE
r-release-osx-x86_64 0.9-12 NOTE
r-oldrel-windows-ix86+x86_64 0.9-12 9.00 63.00 72.00 NOTE
r-oldrel-osx-x86_64 0.9-12 NOTE

Check Details

Version: 0.9-12
Check: R code for possible problems
Result: NOTE
    ..placeOrder: no visible global function definition for 'str'
    .reqMktData.vignette: no visible global function definition for
     'flush.console'
    e_portfolio_value: no visible global function definition for 'str'
    print.eventPortfolioValue: no visible global function definition for
     'str'
    print.twsContract: no visible global function definition for 'str'
    print.twsContractDetails: no visible global function definition for
     'str'
    print.twsOrder: no visible global function definition for 'str'
    print.twsOrderState: no visible global function definition for 'str'
    print.twsScannerSubscription: no visible global function definition for
     'str'
    reqAccountUpdates: no visible binding for global variable 'timestamp'
    reqContractDetails: no visible binding for global variable 'timestamp'
    reqHistoricalData: no visible global function definition for
     'flush.console'
    reqHistoricalData: no visible global function definition for
     'write.table'
    Undefined global functions or variables:
     flush.console str timestamp write.table
    Consider adding
     importFrom("utils", "flush.console", "str", "timestamp", "write.table")
    to your NAMESPACE file.
Flavors: r-devel-linux-x86_64-debian-clang, r-devel-linux-x86_64-debian-gcc, r-devel-linux-x86_64-fedora-clang, r-devel-linux-x86_64-fedora-gcc, r-devel-windows-ix86+x86_64, r-patched-linux-x86_64, r-patched-solaris-x86, r-release-linux-x86_64, r-release-windows-ix86+x86_64, r-release-osx-x86_64, r-oldrel-windows-ix86+x86_64, r-oldrel-osx-x86_64