CRAN Package Check Results for Package IBrokers

Last updated on 2020-02-17 22:49:34 CET.

Flavor Version Tinstall Tcheck Ttotal Status Flags
r-devel-linux-x86_64-debian-clang 0.9-12 7.38 47.28 54.66 NOTE
r-devel-linux-x86_64-debian-gcc 0.9-12 4.63 37.44 42.07 NOTE
r-devel-linux-x86_64-fedora-clang 0.9-12 66.59 NOTE
r-devel-linux-x86_64-fedora-gcc 0.9-12 65.22 NOTE
r-devel-windows-ix86+x86_64 0.9-12 11.00 67.00 78.00 NOTE
r-devel-windows-ix86+x86_64-gcc8 0.9-12 14.00 98.00 112.00 NOTE
r-patched-linux-x86_64 0.9-12 6.36 43.17 49.53 NOTE
r-patched-solaris-x86 0.9-12 82.60 NOTE
r-release-linux-x86_64 0.9-12 5.52 43.79 49.31 NOTE
r-release-windows-ix86+x86_64 0.9-12 10.00 68.00 78.00 NOTE
r-release-osx-x86_64 0.9-12 NOTE
r-oldrel-windows-ix86+x86_64 0.9-12 7.00 70.00 77.00 NOTE
r-oldrel-osx-x86_64 0.9-12 NOTE

Check Details

Version: 0.9-12
Check: R code for possible problems
Result: NOTE
    ..placeOrder: no visible global function definition for 'str'
    .reqMktData.vignette: no visible global function definition for
     'flush.console'
    e_portfolio_value: no visible global function definition for 'str'
    print.eventPortfolioValue: no visible global function definition for
     'str'
    print.twsContract: no visible global function definition for 'str'
    print.twsContractDetails: no visible global function definition for
     'str'
    print.twsOrder: no visible global function definition for 'str'
    print.twsOrderState: no visible global function definition for 'str'
    print.twsScannerSubscription: no visible global function definition for
     'str'
    reqAccountUpdates: no visible binding for global variable 'timestamp'
    reqContractDetails: no visible binding for global variable 'timestamp'
    reqHistoricalData: no visible global function definition for
     'flush.console'
    reqHistoricalData: no visible global function definition for
     'write.table'
    Undefined global functions or variables:
     flush.console str timestamp write.table
    Consider adding
     importFrom("utils", "flush.console", "str", "timestamp", "write.table")
    to your NAMESPACE file.
Flavors: r-devel-linux-x86_64-debian-clang, r-devel-linux-x86_64-debian-gcc, r-devel-linux-x86_64-fedora-clang, r-devel-linux-x86_64-fedora-gcc, r-devel-windows-ix86+x86_64, r-devel-windows-ix86+x86_64-gcc8, r-patched-linux-x86_64, r-patched-solaris-x86, r-release-linux-x86_64, r-release-windows-ix86+x86_64, r-release-osx-x86_64, r-oldrel-windows-ix86+x86_64, r-oldrel-osx-x86_64