Last updated on 2024-03-28 23:01:47 CET.
Flavor | Version | Tinstall | Tcheck | Ttotal | Status | Flags |
---|---|---|---|---|---|---|
r-devel-linux-x86_64-debian-clang | 2.3.12 | 54.35 | 812.15 | 866.50 | OK | |
r-devel-linux-x86_64-debian-gcc | 2.3.12 | 46.13 | 669.71 | 715.84 | OK | |
r-devel-linux-x86_64-fedora-clang | 2.3.12 | 1278.14 | OK | |||
r-devel-linux-x86_64-fedora-gcc | 2.3.12 | 1103.52 | OK | |||
r-devel-windows-x86_64 | 2.3.12 | 54.00 | 571.00 | 625.00 | OK | |
r-patched-linux-x86_64 | 2.3.12 | 48.94 | 847.64 | 896.58 | OK | |
r-release-linux-x86_64 | 2.3.12 | 40.60 | 848.49 | 889.09 | OK | |
r-release-macos-arm64 | 2.3.12 | 197.00 | NOTE | |||
r-release-macos-x86_64 | 2.3.12 | 419.00 | NOTE | |||
r-release-windows-x86_64 | 2.3.12 | 70.00 | 548.00 | 618.00 | NOTE | |
r-oldrel-macos-arm64 | 2.3.12 | 248.00 | NOTE | |||
r-oldrel-windows-x86_64 | 2.3.12 | 69.00 | 440.00 | 509.00 | NOTE |
Version: 2.3.12
Check: package dependencies
Result: NOTE
Packages suggested but not available for checking:
'BSgenome.Hsapiens.1000genomes.hs37d5',
'BSgenome.Hsapiens.UCSC.hg38', 'BSgenome.Mmusculus.UCSC.mm10'
Flavors: r-release-macos-arm64, r-release-macos-x86_64
Version: 2.3.12
Check: package dependencies
Result: NOTE
Packages suggested but not available for checking:
'BSgenome.Hsapiens.1000genomes.hs37d5',
'BSgenome.Mmusculus.UCSC.mm10'
Flavors: r-release-windows-x86_64, r-oldrel-windows-x86_64
Version: 2.3.12
Check: package dependencies
Result: NOTE
Packages suggested but not available for checking:
'BSgenome.Hsapiens.UCSC.hg38', 'BSgenome.Mmusculus.UCSC.mm10'
Flavor: r-oldrel-macos-arm64