CRAN Package Check Results for Package ICAOD

Last updated on 2020-02-17 22:49:34 CET.

Flavor Version Tinstall Tcheck Ttotal Status Flags
r-devel-linux-x86_64-debian-clang 0.9.9 146.49 129.82 276.31 OK
r-devel-linux-x86_64-debian-gcc 0.9.9 93.81 92.46 186.27 OK
r-devel-linux-x86_64-fedora-clang 0.9.9 378.73 NOTE
r-devel-linux-x86_64-fedora-gcc 0.9.9 331.76 OK
r-devel-windows-ix86+x86_64 0.9.9 238.00 176.00 414.00 OK
r-devel-windows-ix86+x86_64-gcc8 0.9.9 366.00 259.00 625.00 OK
r-patched-linux-x86_64 0.9.9 107.59 110.51 218.10 OK
r-patched-solaris-x86 0.9.9 301.60 OK
r-release-linux-x86_64 0.9.9 110.39 109.14 219.53 OK
r-release-windows-ix86+x86_64 0.9.9 238.00 171.00 409.00 OK
r-release-osx-x86_64 0.9.9 NOTE
r-oldrel-windows-ix86+x86_64 0.9.9 183.00 208.00 391.00 OK
r-oldrel-osx-x86_64 0.9.9 NOTE

Check Details

Version: 0.9.9
Check: installed package size
Result: NOTE
     installed size is 7.6Mb
     sub-directories of 1Mb or more:
     libs 6.4Mb
Flavors: r-devel-linux-x86_64-fedora-clang, r-release-osx-x86_64, r-oldrel-osx-x86_64