Last updated on 2024-04-17 22:59:55 CEST.
Flavor | Version | Tinstall | Tcheck | Ttotal | Status | Flags |
---|---|---|---|---|---|---|
r-devel-linux-x86_64-debian-clang | 1.1.1 | 2.56 | 35.41 | 37.97 | NOTE | |
r-devel-linux-x86_64-debian-gcc | 1.1.1 | 2.65 | 26.22 | 28.87 | NOTE | |
r-devel-linux-x86_64-fedora-clang | 1.1.1 | 48.69 | NOTE | |||
r-devel-linux-x86_64-fedora-gcc | 1.1.1 | 45.45 | NOTE | |||
r-prerel-macos-arm64 | 1.1.1 | 17.00 | NOTE | |||
r-prerel-windows-x86_64 | 1.1.1 | 4.00 | 45.00 | 49.00 | NOTE | |
r-patched-linux-x86_64 | 1.1.1 | 2.61 | 33.58 | 36.19 | NOTE | |
r-release-linux-x86_64 | 1.1.1 | 3.62 | 34.66 | 38.28 | NOTE | |
r-release-macos-arm64 | 1.1.1 | 18.00 | NOTE | |||
r-release-macos-x86_64 | 1.1.1 | 25.00 | NOTE | |||
r-release-windows-x86_64 | 1.1.1 | 4.00 | 48.00 | 52.00 | NOTE | |
r-oldrel-macos-arm64 | 1.1.1 | 19.00 | NOTE | |||
r-oldrel-windows-x86_64 | 1.1.1 | 5.00 | 52.00 | 57.00 | NOTE |
Version: 1.1.1
Check: LazyData
Result: NOTE
'LazyData' is specified without a 'data' directory
Flavors: r-devel-linux-x86_64-debian-clang, r-devel-linux-x86_64-debian-gcc, r-devel-linux-x86_64-fedora-clang, r-devel-linux-x86_64-fedora-gcc, r-prerel-macos-arm64, r-prerel-windows-x86_64, r-patched-linux-x86_64, r-release-linux-x86_64, r-release-macos-arm64, r-release-macos-x86_64, r-release-windows-x86_64, r-oldrel-macos-arm64, r-oldrel-windows-x86_64