Last updated on 2023-11-27 23:11:39 CET.
Flavor | Version | Tinstall | Tcheck | Ttotal | Status | Flags |
---|---|---|---|---|---|---|
r-devel-linux-x86_64-debian-clang | 0.2.0 | 33.64 | 109.69 | 143.33 | NOTE | |
r-devel-linux-x86_64-debian-gcc | 0.2.0 | 23.86 | 88.83 | 112.69 | NOTE | |
r-devel-linux-x86_64-fedora-clang | 0.2.0 | 187.45 | NOTE | |||
r-devel-linux-x86_64-fedora-gcc | 0.2.0 | 186.82 | NOTE | |||
r-devel-windows-x86_64 | 0.2.0 | 30.00 | 112.00 | 142.00 | NOTE | |
r-patched-linux-x86_64 | 0.2.0 | 31.46 | 102.34 | 133.80 | NOTE | |
r-release-linux-x86_64 | 0.2.0 | 29.50 | 101.28 | 130.78 | NOTE | |
r-release-macos-arm64 | 0.2.0 | 62.00 | NOTE | |||
r-release-macos-x86_64 | 0.2.0 | 100.00 | NOTE | |||
r-release-windows-x86_64 | 0.2.0 | 38.00 | 139.00 | 177.00 | NOTE | |
r-oldrel-macos-arm64 | 0.2.0 | 43.00 | OK | |||
r-oldrel-macos-x86_64 | 0.2.0 | 86.00 | OK | |||
r-oldrel-windows-x86_64 | 0.2.0 | 36.00 | 130.00 | 166.00 | OK |
Version: 0.2.0
Check: C++ specification
Result: NOTE
Specified C++11: please drop specification unless essential
Flavors: r-devel-linux-x86_64-debian-clang, r-devel-linux-x86_64-debian-gcc, r-devel-linux-x86_64-fedora-clang, r-devel-linux-x86_64-fedora-gcc, r-devel-windows-x86_64, r-patched-linux-x86_64, r-release-linux-x86_64, r-release-macos-arm64, r-release-macos-x86_64, r-release-windows-x86_64