CRAN Package Check Results for Package IETD

Last updated on 2021-10-15 22:54:17 CEST.

Flavor Version Tinstall Tcheck Ttotal Status Flags
r-devel-linux-x86_64-debian-clang 1.0.0 6.64 63.73 70.37 OK
r-devel-linux-x86_64-debian-gcc 1.0.0 5.56 48.11 53.67 OK
r-devel-linux-x86_64-fedora-clang 1.0.0 93.92 NOTE
r-devel-linux-x86_64-fedora-gcc 1.0.0 84.70 NOTE
r-devel-windows-x86_64 1.0.0 10.00 82.00 92.00 OK
r-devel-windows-x86_64-gcc10-UCRT 1.0.0 NOTE
r-patched-linux-x86_64 1.0.0 6.05 58.97 65.02 OK
r-patched-solaris-x86 1.0.0 125.40 NOTE
r-release-linux-x86_64 1.0.0 5.63 59.11 64.74 OK
r-release-macos-arm64 1.0.0 NOTE
r-release-macos-x86_64 1.0.0 NOTE
r-release-windows-ix86+x86_64 1.0.0 19.00 117.00 136.00 OK
r-oldrel-macos-x86_64 1.0.0 NOTE
r-oldrel-windows-ix86+x86_64 1.0.0 20.00 111.00 131.00 OK

Check Details

Version: 1.0.0
Check: dependencies in R code
Result: NOTE
    Namespace in Imports field not imported from: ‘Rdpack’
     All declared Imports should be used.
Flavors: r-devel-linux-x86_64-fedora-clang, r-devel-linux-x86_64-fedora-gcc, r-devel-windows-x86_64-gcc10-UCRT, r-patched-solaris-x86, r-release-macos-arm64, r-release-macos-x86_64, r-oldrel-macos-x86_64