Last updated on 2024-04-18 22:52:45 CEST.
Flavor | Version | Tinstall | Tcheck | Ttotal | Status | Flags |
---|---|---|---|---|---|---|
r-devel-linux-x86_64-debian-clang | 0.2.1 | 79.20 | 178.67 | 257.87 | NOTE | |
r-devel-linux-x86_64-debian-gcc | 0.2.1 | 62.91 | 121.64 | 184.55 | NOTE | |
r-devel-linux-x86_64-fedora-clang | 0.2.1 | 328.28 | NOTE | |||
r-devel-linux-x86_64-fedora-gcc | 0.2.1 | 323.79 | NOTE | |||
r-prerel-macos-arm64 | 0.2.1 | 66.00 | NOTE | |||
r-prerel-windows-x86_64 | 0.2.1 | 62.00 | 180.00 | 242.00 | NOTE | |
r-patched-linux-x86_64 | 0.2.1 | 83.44 | 160.86 | 244.30 | NOTE | |
r-release-linux-x86_64 | 0.2.1 | 68.07 | 162.74 | 230.81 | NOTE | |
r-release-macos-arm64 | 0.2.1 | 78.00 | NOTE | |||
r-release-macos-x86_64 | 0.2.1 | 149.00 | NOTE | |||
r-release-windows-x86_64 | 0.2.1 | 82.00 | 212.00 | 294.00 | NOTE | |
r-oldrel-macos-arm64 | 0.2.1 | 69.00 | NOTE | |||
r-oldrel-windows-x86_64 | 0.2.1 | 77.00 | 163.00 | 240.00 | NOTE |
Version: 0.2.1
Check: package dependencies
Result: NOTE
Package suggested but not available for checking: ‘IFCdata’
Flavors: r-devel-linux-x86_64-debian-clang, r-devel-linux-x86_64-debian-gcc, r-devel-linux-x86_64-fedora-clang, r-devel-linux-x86_64-fedora-gcc, r-prerel-macos-arm64, r-prerel-windows-x86_64, r-patched-linux-x86_64, r-release-linux-x86_64, r-release-macos-arm64, r-release-macos-x86_64, r-release-windows-x86_64, r-oldrel-macos-arm64, r-oldrel-windows-x86_64
Version: 0.2.1
Check: installed package size
Result: NOTE
installed size is 7.4Mb
sub-directories of 1Mb or more:
R 2.0Mb
libs 4.6Mb
Flavors: r-prerel-macos-arm64, r-release-macos-arm64, r-release-macos-x86_64, r-oldrel-macos-arm64