CRAN Package Check Results for Package IFP

Last updated on 2021-05-15 22:50:14 CEST.

Flavor Version Tinstall Tcheck Ttotal Status Flags
r-devel-linux-x86_64-debian-clang 0.2.4 30.90 162.37 193.27 OK
r-devel-linux-x86_64-debian-gcc 0.2.4 24.49 116.45 140.94 OK
r-devel-linux-x86_64-fedora-clang 0.2.4 243.26 NOTE
r-devel-linux-x86_64-fedora-gcc 0.2.4 226.26 NOTE
r-devel-windows-ix86+x86_64 0.2.4 65.00 199.00 264.00 OK
r-devel-windows-x86_64-gcc10-UCRT 0.2.4 OK
r-patched-linux-x86_64 0.2.4 31.73 152.26 183.99 OK
r-patched-solaris-x86 0.2.4 308.30 OK
r-release-linux-x86_64 0.2.4 27.05 144.82 171.87 OK
r-release-macos-x86_64 0.2.4 OK
r-release-windows-ix86+x86_64 0.2.4 43.00 257.00 300.00 OK
r-oldrel-macos-x86_64 0.2.4 OK
r-oldrel-windows-ix86+x86_64 0.2.4 46.00 225.00 271.00 OK

Check Details

Version: 0.2.4
Check: compiled code
Result: NOTE
    File ‘IFP/libs/IFP.so’:
     Found no calls to: ‘R_registerRoutines’, ‘R_useDynamicSymbols’
    
    It is good practice to register native routines and to disable symbol
    search.
    
    See ‘Writing portable packages’ in the ‘Writing R Extensions’ manual.
Flavors: r-devel-linux-x86_64-fedora-clang, r-devel-linux-x86_64-fedora-gcc