Last updated on 2024-04-18 22:52:45 CEST.
Flavor | Version | Tinstall | Tcheck | Ttotal | Status | Flags |
---|---|---|---|---|---|---|
r-devel-linux-x86_64-debian-clang | 0.3 | 12.87 | 99.34 | 112.21 | NOTE | |
r-devel-linux-x86_64-debian-gcc | 0.3 | 9.61 | 74.06 | 83.67 | NOTE | |
r-devel-linux-x86_64-fedora-clang | 0.3 | 138.32 | NOTE | |||
r-devel-linux-x86_64-fedora-gcc | 0.3 | 132.61 | NOTE | |||
r-prerel-macos-arm64 | 0.3 | 42.00 | NOTE | |||
r-prerel-windows-x86_64 | 0.3 | 12.00 | 91.00 | 103.00 | NOTE | |
r-patched-linux-x86_64 | 0.3 | 7.49 | 96.51 | 104.00 | NOTE | |
r-release-linux-x86_64 | 0.3 | 9.64 | 98.76 | 108.40 | OK | |
r-release-macos-arm64 | 0.3 | 46.00 | OK | |||
r-release-macos-x86_64 | 0.3 | 73.00 | OK | |||
r-release-windows-x86_64 | 0.3 | 14.00 | 110.00 | 124.00 | OK | |
r-oldrel-macos-arm64 | 0.3 | 39.00 | OK | |||
r-oldrel-windows-x86_64 | 0.3 | 14.00 | 111.00 | 125.00 | OK |
Version: 0.3
Check: Rd files
Result: NOTE
checkRd: (-1) lab.qcs.Rd:24: Lost braces
24 | It develops an object of \code{lab.qcs}-code{link{class}} to perform statistical quality control.
| ^
checkRd: (-1) lab.qcs.Rd:24: Lost braces
24 | It develops an object of \code{lab.qcs}-code{link{class}} to perform statistical quality control.
| ^
Flavors: r-devel-linux-x86_64-debian-clang, r-devel-linux-x86_64-debian-gcc, r-devel-linux-x86_64-fedora-clang, r-devel-linux-x86_64-fedora-gcc, r-prerel-macos-arm64, r-prerel-windows-x86_64, r-patched-linux-x86_64