Last updated on 2022-07-06 21:53:42 CEST.
Flavor | Version | Tinstall | Tcheck | Ttotal | Status | Flags |
---|---|---|---|---|---|---|
r-devel-linux-x86_64-debian-clang | 0.2.0 | 2.22 | 70.59 | 72.81 | NOTE | |
r-devel-linux-x86_64-debian-gcc | 0.2.0 | 1.87 | 49.51 | 51.38 | NOTE | |
r-devel-linux-x86_64-fedora-clang | 0.2.0 | 99.72 | WARN | |||
r-devel-linux-x86_64-fedora-gcc | 0.2.0 | 100.47 | WARN | |||
r-devel-windows-x86_64 | 0.2.0 | 8.00 | 88.00 | 96.00 | NOTE | |
r-patched-linux-x86_64 | 0.2.0 | 2.58 | 67.29 | 69.87 | NOTE | |
r-release-linux-x86_64 | 0.2.0 | 1.64 | 67.11 | 68.75 | NOTE | |
r-release-macos-arm64 | 0.2.0 | 40.00 | NOTE | |||
r-release-macos-x86_64 | 0.2.0 | 61.00 | NOTE | |||
r-release-windows-x86_64 | 0.2.0 | 8.00 | 94.00 | 102.00 | NOTE | |
r-oldrel-macos-arm64 | 0.2.0 | 46.00 | NOTE | |||
r-oldrel-macos-x86_64 | 0.2.0 | 66.00 | NOTE | |||
r-oldrel-windows-ix86+x86_64 | 0.2.0 | 9.00 | 95.00 | 104.00 | NOTE |
Version: 0.2.0
Check: LazyData
Result: NOTE
'LazyData' is specified without a 'data' directory
Flavors: r-devel-linux-x86_64-debian-clang, r-devel-linux-x86_64-debian-gcc, r-devel-linux-x86_64-fedora-clang, r-devel-linux-x86_64-fedora-gcc, r-devel-windows-x86_64, r-patched-linux-x86_64, r-release-linux-x86_64, r-release-macos-arm64, r-release-macos-x86_64, r-release-windows-x86_64, r-oldrel-macos-arm64, r-oldrel-macos-x86_64, r-oldrel-windows-ix86+x86_64
Version: 0.2.0
Check: package dependencies
Result: WARN
Requires (indirectly) orphaned package: ‘gtools’
Flavors: r-devel-linux-x86_64-fedora-clang, r-devel-linux-x86_64-fedora-gcc