CRAN Package Check Results for Package IMFData

Last updated on 2021-11-29 22:59:14 CET.

Flavor Version Tinstall Tcheck Ttotal Status Flags
r-devel-linux-x86_64-debian-clang 0.2.0 2.82 26.57 29.39 NOTE
r-devel-linux-x86_64-debian-gcc 0.2.0 2.00 21.04 23.04 NOTE
r-devel-linux-x86_64-fedora-clang 0.2.0 46.12 NOTE
r-devel-linux-x86_64-fedora-gcc 0.2.0 37.56 NOTE
r-devel-windows-x86_64-new-UL 0.2.0 8.00 64.00 72.00 NOTE
r-devel-windows-x86_64-new-TK 0.2.0 NOTE
r-devel-windows-x86_64-old 0.2.0 6.00 36.00 42.00 NOTE
r-patched-linux-x86_64 0.2.0 2.86 25.29 28.15 NOTE
r-patched-solaris-x86 0.2.0 58.60 NOTE
r-release-linux-x86_64 0.2.0 2.59 26.07 28.66 NOTE
r-release-macos-arm64 0.2.0 NOTE
r-release-macos-x86_64 0.2.0 NOTE
r-release-windows-ix86+x86_64 0.2.0 7.00 33.00 40.00 NOTE
r-oldrel-macos-x86_64 0.2.0 OK
r-oldrel-windows-ix86+x86_64 0.2.0 6.00 35.00 41.00 OK

Additional issues

donttest

Check Details

Version: 0.2.0
Check: LazyData
Result: NOTE
     'LazyData' is specified without a 'data' directory
Flavors: r-devel-linux-x86_64-debian-clang, r-devel-linux-x86_64-debian-gcc, r-devel-linux-x86_64-fedora-clang, r-devel-linux-x86_64-fedora-gcc, r-devel-windows-x86_64-new-UL, r-devel-windows-x86_64-new-TK, r-devel-windows-x86_64-old, r-patched-linux-x86_64, r-patched-solaris-x86, r-release-linux-x86_64, r-release-macos-arm64, r-release-macos-x86_64, r-release-windows-ix86+x86_64