CRAN Package Check Results for Package INDperform

Last updated on 2020-02-21 22:51:09 CET.

Flavor Version Tinstall Tcheck Ttotal Status Flags
r-devel-linux-x86_64-debian-clang 0.2.2 14.78 224.93 239.71 OK
r-devel-linux-x86_64-debian-gcc 0.2.2 12.97 160.38 173.35 OK
r-devel-linux-x86_64-fedora-clang 0.2.2 267.15 NOTE
r-devel-linux-x86_64-fedora-gcc 0.2.2 265.77 OK
r-devel-windows-ix86+x86_64 0.2.2 21.00 201.00 222.00 NOTE
r-devel-windows-ix86+x86_64-gcc8 0.2.2 31.00 284.00 315.00 OK
r-patched-linux-x86_64 0.2.2 OK
r-patched-solaris-x86 0.2.2 324.30 NOTE
r-release-linux-x86_64 0.2.2 14.39 194.23 208.62 OK
r-release-windows-ix86+x86_64 0.2.2 16.00 224.00 240.00 NOTE
r-release-osx-x86_64 0.2.2 NOTE
r-oldrel-windows-ix86+x86_64 0.2.2 18.00 219.00 237.00 OK
r-oldrel-osx-x86_64 0.2.2 OK

Check Details

Version: 0.2.2
Check: installed package size
Result: NOTE
     installed size is 5.0Mb
     sub-directories of 1Mb or more:
     data 3.1Mb
     help 1.6Mb
Flavors: r-devel-linux-x86_64-fedora-clang, r-devel-windows-ix86+x86_64, r-patched-solaris-x86, r-release-windows-ix86+x86_64, r-release-osx-x86_64