CRAN Package Check Results for Package INDperform

Last updated on 2019-09-21 22:49:00 CEST.

Flavor Version Tinstall Tcheck Ttotal Status Flags
r-devel-linux-x86_64-debian-clang 0.2.1 11.79 207.77 219.56 OK
r-devel-linux-x86_64-debian-gcc 0.2.1 11.79 144.75 156.54 OK
r-devel-linux-x86_64-fedora-clang 0.2.1 251.25 NOTE
r-devel-linux-x86_64-fedora-gcc 0.2.1 251.63 NOTE
r-devel-windows-ix86+x86_64 0.2.1 32.00 277.00 309.00 OK
r-patched-linux-x86_64 0.2.1 11.31 200.20 211.51 OK
r-patched-solaris-x86 0.2.1 329.60 NOTE
r-release-linux-x86_64 0.2.1 11.09 189.91 201.00 OK
r-release-windows-ix86+x86_64 0.2.1 20.00 197.00 217.00 OK
r-release-osx-x86_64 0.2.1 NOTE
r-oldrel-windows-ix86+x86_64 0.2.1 16.00 211.00 227.00 OK
r-oldrel-osx-x86_64 0.2.1 NOTE

Check Details

Version: 0.2.1
Check: dependencies in R code
Result: NOTE
    Namespace in Imports field not imported from: ‘lazyeval’
     All declared Imports should be used.
Flavors: r-devel-linux-x86_64-fedora-clang, r-devel-linux-x86_64-fedora-gcc, r-patched-solaris-x86, r-release-osx-x86_64, r-oldrel-osx-x86_64

Version: 0.2.1
Check: installed package size
Result: NOTE
     installed size is 5.0Mb
     sub-directories of 1Mb or more:
     data 3.1Mb
     help 1.4Mb
Flavor: r-patched-solaris-x86