CRAN Package Check Results for Package INSPIRE

Last updated on 2024-07-16 22:48:37 CEST.

Flavor Version Tinstall Tcheck Ttotal Status Flags
r-devel-linux-x86_64-debian-clang 1.5 17.40 117.63 135.03 OK
r-devel-linux-x86_64-debian-gcc 1.5 12.39 86.34 98.73 OK
r-devel-linux-x86_64-fedora-clang 1.5 168.91 NOTE
r-devel-linux-x86_64-fedora-gcc 1.5 153.77 NOTE
r-devel-windows-x86_64 1.5 17.00 98.00 115.00 OK
r-patched-linux-x86_64 1.5 14.58 111.76 126.34 OK
r-release-linux-x86_64 1.5 14.06 109.95 124.01 OK
r-release-macos-arm64 1.5 47.00 OK
r-release-macos-x86_64 1.5 74.00 OK
r-release-windows-x86_64 1.5 16.00 101.00 117.00 OK
r-oldrel-macos-arm64 1.5 50.00 OK
r-oldrel-macos-x86_64 1.5 76.00 OK
r-oldrel-windows-x86_64 1.5 21.00 120.00 141.00 OK

Check Details

Version: 1.5
Check: compiled code
Result: NOTE File ‘INSPIRE/libs/INSPIRE.so’: Found no calls to: ‘R_registerRoutines’, ‘R_useDynamicSymbols’ It is good practice to register native routines and to disable symbol search. See ‘Writing portable packages’ in the ‘Writing R Extensions’ manual. Flavors: r-devel-linux-x86_64-fedora-clang, r-devel-linux-x86_64-fedora-gcc