Last updated on 2023-09-21 23:03:22 CEST.
Flavor | Version | Tinstall | Tcheck | Ttotal | Status | Flags |
---|---|---|---|---|---|---|
r-devel-linux-x86_64-debian-clang | 0.1.6.3 | 48.79 | 142.99 | 191.78 | NOTE | |
r-devel-linux-x86_64-debian-gcc | 0.1.6.3 | 34.90 | 98.07 | 132.97 | NOTE | |
r-devel-linux-x86_64-fedora-clang | 0.1.8.2 | 269.20 | NOTE | |||
r-devel-linux-x86_64-fedora-gcc | 0.1.8.2 | 268.77 | NOTE | |||
r-devel-windows-x86_64 | 0.1.6.3 | 41.00 | 153.00 | 194.00 | NOTE | |
r-patched-linux-x86_64 | 0.1.6.3 | 37.43 | 124.93 | 162.36 | NOTE | |
r-release-linux-x86_64 | 0.1.8.2 | 39.35 | 145.06 | 184.41 | OK | |
r-release-macos-arm64 | 0.1.6.3 | 68.00 | NOTE | |||
r-release-macos-x86_64 | 0.1.8.2 | 168.00 | NOTE | |||
r-release-windows-x86_64 | 0.1.8.2 | 54.00 | 211.00 | 265.00 | OK | |
r-oldrel-macos-arm64 | 0.1.6.3 | 61.00 | NOTE | |||
r-oldrel-macos-x86_64 | 0.1.6.3 | 118.00 | NOTE | |||
r-oldrel-windows-x86_64 | 0.1.6.3 | 51.00 | 169.00 | 220.00 | OK |
Version: 0.1.6.3
Check: C++ specification
Result: NOTE
Specified C++11: please drop specification unless essential
Flavors: r-devel-linux-x86_64-debian-clang, r-devel-linux-x86_64-debian-gcc, r-devel-windows-x86_64, r-patched-linux-x86_64, r-release-macos-arm64
Version: 0.1.8.2
Check: data for non-ASCII characters
Result: NOTE
Note: found 102 marked UTF-8 strings
Flavors: r-devel-linux-x86_64-fedora-clang, r-devel-linux-x86_64-fedora-gcc
Version: 0.1.8.2
Check: installed package size
Result: NOTE
installed size is 5.7Mb
sub-directories of 1Mb or more:
data 1.4Mb
libs 1.9Mb
shiny-server 1.7Mb
Flavor: r-release-macos-x86_64
Version: 0.1.6.3
Check: package dependencies
Result: NOTE
Package suggested but not available for checking: ‘ComplexHeatmap’
Flavor: r-oldrel-macos-arm64
Version: 0.1.6.3
Check: data for non-ASCII characters
Result: NOTE
Note: found 102 marked UTF-8 strings
Flavors: r-oldrel-macos-arm64, r-oldrel-macos-x86_64