Last updated on 2023-10-01 23:03:48 CEST.
Flavor | Version | Tinstall | Tcheck | Ttotal | Status | Flags |
---|---|---|---|---|---|---|
r-devel-linux-x86_64-debian-clang | 0.1.0 | 10.24 | 79.50 | 89.74 | OK | |
r-devel-linux-x86_64-debian-gcc | 0.1.0 | 8.00 | 59.42 | 67.42 | OK | |
r-devel-linux-x86_64-fedora-clang | 0.1.0 | 109.12 | NOTE | |||
r-devel-linux-x86_64-fedora-gcc | 0.1.0 | 127.55 | NOTE | |||
r-devel-windows-x86_64 | 0.1.0 | 11.00 | 83.00 | 94.00 | OK | |
r-patched-linux-x86_64 | 0.1.0 | 6.62 | 73.47 | 80.09 | OK | |
r-release-linux-x86_64 | 0.1.0 | 7.66 | 73.39 | 81.05 | OK | |
r-release-macos-arm64 | 0.1.0 | 48.00 | OK | |||
r-release-macos-x86_64 | 0.1.0 | 71.00 | OK | |||
r-release-windows-x86_64 | 0.1.0 | 16.00 | 93.00 | 109.00 | OK | |
r-oldrel-macos-arm64 | 0.1.0 | 43.00 | NOTE | |||
r-oldrel-macos-x86_64 | 0.1.0 | 58.00 | NOTE | |||
r-oldrel-windows-x86_64 | 0.1.0 | 16.00 | 97.00 | 113.00 | OK |
Version: 0.1.0
Check: data for non-ASCII characters
Result: NOTE
Note: found 46 marked UTF-8 strings
Flavors: r-devel-linux-x86_64-fedora-clang, r-devel-linux-x86_64-fedora-gcc, r-oldrel-macos-arm64, r-oldrel-macos-x86_64