CRAN Package Check Results for Package IPWboxplot

Last updated on 2019-09-18 22:52:40 CEST.

Flavor Version Tinstall Tcheck Ttotal Status Flags
r-devel-linux-x86_64-debian-clang 0.1.0 2.73 32.52 35.25 NOTE
r-devel-linux-x86_64-debian-gcc 0.1.0 1.92 25.52 27.44 NOTE
r-devel-linux-x86_64-fedora-clang 0.1.0 43.58 OK
r-devel-linux-x86_64-fedora-gcc 0.1.0 42.89 OK
r-devel-windows-ix86+x86_64 0.1.0 9.00 67.00 76.00 NOTE
r-patched-linux-x86_64 0.1.0 2.22 31.87 34.09 OK
r-patched-solaris-x86 0.1.0 58.20 OK
r-release-linux-x86_64 0.1.0 2.00 32.20 34.20 OK
r-release-windows-ix86+x86_64 0.1.0 6.00 43.00 49.00 OK
r-release-osx-x86_64 0.1.0 OK
r-oldrel-windows-ix86+x86_64 0.1.0 5.00 44.00 49.00 OK
r-oldrel-osx-x86_64 0.1.0 OK

Check Details

Version: 0.1.0
Check: package vignettes
Result: NOTE
    Package vignette with placeholder title 'Vignette Title':
     'my-vignette.Rmd'
Flavors: r-devel-linux-x86_64-debian-clang, r-devel-linux-x86_64-debian-gcc, r-devel-windows-ix86+x86_64