CRAN Package Check Results for Package IPWboxplot

Last updated on 2020-02-24 22:50:27 CET.

Flavor Version Tinstall Tcheck Ttotal Status Flags
r-devel-linux-x86_64-debian-clang 0.1.0 2.74 29.80 32.54 NOTE
r-devel-linux-x86_64-debian-gcc 0.1.0 2.16 23.63 25.79 NOTE
r-devel-linux-x86_64-fedora-clang 0.1.0 44.10 OK
r-devel-linux-x86_64-fedora-gcc 0.1.0 39.88 OK
r-devel-windows-ix86+x86_64 0.1.0 6.00 49.00 55.00 NOTE
r-devel-windows-ix86+x86_64-gcc8 0.1.0 12.00 75.00 87.00 NOTE
r-patched-linux-x86_64 0.1.0 2.16 27.60 29.76 OK
r-patched-solaris-x86 0.1.0 50.10 OK
r-release-linux-x86_64 0.1.0 1.86 27.54 29.40 OK
r-release-windows-ix86+x86_64 0.1.0 6.00 40.00 46.00 OK
r-release-osx-x86_64 0.1.0 OK
r-oldrel-windows-ix86+x86_64 0.1.0 5.00 48.00 53.00 OK
r-oldrel-osx-x86_64 0.1.0 OK

Check Details

Version: 0.1.0
Check: package vignettes
Result: NOTE
    Package vignette with placeholder title 'Vignette Title':
     'my-vignette.Rmd'
Flavors: r-devel-linux-x86_64-debian-clang, r-devel-linux-x86_64-debian-gcc, r-devel-windows-ix86+x86_64, r-devel-windows-ix86+x86_64-gcc8