CRAN Package Check Results for Package IPWpn

Last updated on 2022-08-12 22:55:59 CEST.

Flavor Version Tinstall Tcheck Ttotal Status Flags
r-devel-linux-x86_64-debian-clang 0.1.0 14.79 107.00 121.79 OK
r-devel-linux-x86_64-debian-gcc 0.1.0 10.94 79.04 89.98 OK
r-devel-linux-x86_64-fedora-clang 0.1.0 159.68 NOTE
r-devel-linux-x86_64-fedora-gcc 0.1.0 156.44 NOTE
r-devel-windows-x86_64 0.1.0 17.00 124.00 141.00 OK
r-patched-linux-x86_64 0.1.0 8.34 100.21 108.55 OK
r-release-linux-x86_64 0.1.0 8.89 101.03 109.92 OK
r-release-macos-arm64 0.1.0 40.00 NOTE
r-release-macos-x86_64 0.1.0 73.00 NOTE
r-release-windows-x86_64 0.1.0 17.00 124.00 141.00 OK
r-oldrel-macos-arm64 0.1.0 43.00 NOTE
r-oldrel-macos-x86_64 0.1.0 76.00 NOTE
r-oldrel-windows-ix86+x86_64 0.1.0 32.00 126.00 158.00 OK

Additional issues

donttest

Check Details

Version: 0.1.0
Check: dependencies in R code
Result: NOTE
    Namespaces in Imports field not imported from:
     ‘mvtnorm’ ‘tidyr’
     All declared Imports should be used.
Flavors: r-devel-linux-x86_64-fedora-clang, r-devel-linux-x86_64-fedora-gcc, r-release-macos-arm64, r-release-macos-x86_64, r-oldrel-macos-arm64, r-oldrel-macos-x86_64