CRAN Package Check Results for Package IPWpn

Last updated on 2021-09-23 22:55:57 CEST.

Flavor Version Tinstall Tcheck Ttotal Status Flags
r-devel-linux-x86_64-debian-clang 0.1.0 11.45 92.04 103.49 OK
r-devel-linux-x86_64-debian-gcc 0.1.0 10.47 69.49 79.96 OK
r-devel-linux-x86_64-fedora-clang 0.1.0 128.18 NOTE
r-devel-linux-x86_64-fedora-gcc 0.1.0 118.69 NOTE
r-devel-windows-x86_64 0.1.0 13.00 89.00 102.00 OK
r-devel-windows-x86_64-gcc10-UCRT 0.1.0 NOTE
r-patched-linux-x86_64 0.1.0 11.75 85.59 97.34 OK
r-patched-solaris-x86 0.1.0 179.90 NOTE
r-release-linux-x86_64 0.1.0 11.93 86.78 98.71 OK
r-release-macos-arm64 0.1.0 NOTE
r-release-macos-x86_64 0.1.0 NOTE
r-release-windows-ix86+x86_64 0.1.0 28.00 111.00 139.00 OK
r-oldrel-macos-x86_64 0.1.0 NOTE
r-oldrel-windows-ix86+x86_64 0.1.0 24.00 86.00 110.00 OK

Additional issues

donttest

Check Details

Version: 0.1.0
Check: dependencies in R code
Result: NOTE
    Namespaces in Imports field not imported from:
     ‘mvtnorm’ ‘tidyr’
     All declared Imports should be used.
Flavors: r-devel-linux-x86_64-fedora-clang, r-devel-linux-x86_64-fedora-gcc, r-devel-windows-x86_64-gcc10-UCRT, r-patched-solaris-x86, r-release-macos-arm64, r-release-macos-x86_64, r-oldrel-macos-x86_64