CRAN Package Check Results for Package IRCcheck

Last updated on 2022-09-27 23:08:42 CEST.

Flavor Version Tinstall Tcheck Ttotal Status Flags
r-devel-linux-x86_64-debian-clang 1.0.0 6.57 61.41 67.98 NOTE
r-devel-linux-x86_64-debian-gcc 1.0.0 5.41 44.94 50.35 NOTE
r-devel-linux-x86_64-fedora-clang 1.0.0 96.14 NOTE
r-devel-linux-x86_64-fedora-gcc 1.0.0 93.69 NOTE
r-devel-windows-x86_64 1.0.0 15.00 85.00 100.00 NOTE
r-patched-linux-x86_64 1.0.0 7.33 56.29 63.62 OK
r-release-linux-x86_64 1.0.0 5.84 56.20 62.04 OK
r-release-macos-arm64 1.0.0 26.00 NOTE
r-release-macos-x86_64 1.0.0 50.00 NOTE
r-release-windows-x86_64 1.0.0 18.00 85.00 103.00 OK
r-oldrel-macos-arm64 1.0.0 29.00 NOTE
r-oldrel-macos-x86_64 1.0.0 41.00 NOTE
r-oldrel-windows-ix86+x86_64 1.0.0 18.00 88.00 106.00 OK

Check Details

Version: 1.0.0
Check: Rd files
Result: NOTE
    checkRd: (-1) constrained.Rd:49: Escaped LaTeX specials: \&
Flavors: r-devel-linux-x86_64-debian-clang, r-devel-linux-x86_64-debian-gcc, r-devel-linux-x86_64-fedora-clang, r-devel-linux-x86_64-fedora-gcc, r-devel-windows-x86_64

Version: 1.0.0
Check: dependencies in R code
Result: NOTE
    Namespaces in Imports field not imported from:
     ‘Rdpack’ ‘glmnet’
     All declared Imports should be used.
Flavors: r-devel-linux-x86_64-fedora-clang, r-devel-linux-x86_64-fedora-gcc, r-release-macos-arm64, r-release-macos-x86_64, r-oldrel-macos-arm64, r-oldrel-macos-x86_64