Last updated on 2024-04-24 23:00:23 CEST.
Flavor | Version | Tinstall | Tcheck | Ttotal | Status | Flags |
---|---|---|---|---|---|---|
r-devel-linux-x86_64-debian-clang | 2.4.6 | 7.88 | 67.06 | 74.94 | NOTE | |
r-devel-linux-x86_64-debian-gcc | 2.4.6 | 8.56 | 50.77 | 59.33 | NOTE | |
r-devel-linux-x86_64-fedora-clang | 2.4.6 | 99.61 | NOTE | |||
r-devel-linux-x86_64-fedora-gcc | 2.4.6 | 91.65 | NOTE | |||
r-devel-windows-x86_64 | 2.4.6 | 10.00 | 80.00 | 90.00 | NOTE | |
r-patched-linux-x86_64 | 2.4.6 | 17.40 | 63.39 | 80.79 | NOTE | |
r-release-linux-x86_64 | 2.4.6 | 10.66 | 64.62 | 75.28 | OK | |
r-release-macos-arm64 | 2.4.6 | 34.00 | OK | |||
r-release-windows-x86_64 | 2.4.6 | 10.00 | 77.00 | 87.00 | NOTE | |
r-oldrel-macos-arm64 | 2.4.6 | 35.00 | OK | |||
r-oldrel-macos-x86_64 | 2.4.6 | 65.00 | OK | |||
r-oldrel-windows-x86_64 | 2.4.6 | 13.00 | 85.00 | 98.00 | OK |
Version: 2.4.6
Check: Rd files
Result: NOTE
checkRd: (-1) createBssUrl.Rd:28: Lost braces
28 | \code{constraint}{ a character string containing value constraints }
| ^
checkRd: (-1) createBssUrl.Rd:29: Lost braces
29 | \code{url}{ optional url of the BSS measurements service }
| ^
checkRd: (-1) getGeneralValueMetrics.Rd:28: Lost braces
28 | \code{constraint}{ a character string containing value constraints }
| ^
checkRd: (-1) getGeneralValueMetrics.Rd:29: Lost braces
29 | \code{url}{ optional url of the MUSTANG measurements service}
| ^
checkRd: (-1) getMustangMetrics.Rd:28: Lost braces
28 | \code{constraint}{ a character string containing value constraints }
| ^
checkRd: (-1) getMustangMetrics.Rd:29: Lost braces
29 | \code{url}{ optional url of the MUSTANG measurements service }
| ^
Flavors: r-devel-linux-x86_64-debian-clang, r-devel-linux-x86_64-debian-gcc, r-devel-linux-x86_64-fedora-clang, r-devel-linux-x86_64-fedora-gcc, r-devel-windows-x86_64, r-patched-linux-x86_64, r-release-windows-x86_64