Last updated on 2023-09-26 23:04:16 CEST.
Flavor | Version | Tinstall | Tcheck | Ttotal | Status | Flags |
---|---|---|---|---|---|---|
r-devel-linux-x86_64-debian-clang | 1.0.5 | 3.72 | 299.81 | 303.53 | NOTE | |
r-devel-linux-x86_64-debian-gcc | 1.0.5 | 2.75 | 195.39 | 198.14 | NOTE | |
r-devel-linux-x86_64-fedora-clang | 1.0.5 | 362.83 | NOTE | |||
r-devel-linux-x86_64-fedora-gcc | 1.0.5 | 394.92 | NOTE | |||
r-devel-windows-x86_64 | 1.0.5 | 4.00 | 217.00 | 221.00 | NOTE | |
r-patched-linux-x86_64 | 1.0.5 | 3.75 | 275.92 | 279.67 | NOTE | |
r-release-linux-x86_64 | 1.0.5 | 3.41 | 279.18 | 282.59 | NOTE | |
r-release-macos-arm64 | 1.0.5 | 110.00 | NOTE | |||
r-release-macos-x86_64 | 1.0.5 | 171.00 | NOTE | |||
r-release-windows-x86_64 | 1.0.5 | 5.00 | 242.00 | 247.00 | NOTE | |
r-oldrel-macos-arm64 | 1.0.5 | 78.00 | NOTE | |||
r-oldrel-macos-x86_64 | 1.0.5 | 107.00 | NOTE | |||
r-oldrel-windows-x86_64 | 1.0.5 | 6.00 | 254.00 | 260.00 | NOTE |
Version: 1.0.5
Check: LazyData
Result: NOTE
'LazyData' is specified without a 'data' directory
Flavors: r-devel-linux-x86_64-debian-clang, r-devel-linux-x86_64-debian-gcc, r-devel-linux-x86_64-fedora-clang, r-devel-linux-x86_64-fedora-gcc, r-devel-windows-x86_64, r-patched-linux-x86_64, r-release-linux-x86_64, r-release-macos-arm64, r-release-macos-x86_64, r-release-windows-x86_64, r-oldrel-macos-arm64, r-oldrel-macos-x86_64, r-oldrel-windows-x86_64