CRAN Package Check Results for Package ISOcodes

Last updated on 2022-01-20 22:54:06 CET.

Flavor Version Tinstall Tcheck Ttotal Status Flags
r-devel-linux-x86_64-debian-clang 2022.01.10 OK
r-devel-linux-x86_64-debian-gcc 2022.01.10 1.27 17.72 18.99 OK
r-devel-linux-x86_64-fedora-clang 2022.01.10 30.47 NOTE
r-devel-linux-x86_64-fedora-gcc 2022.01.10 20.68 NOTE
r-devel-windows-x86_64-new-UL 2022.01.10 28.00 35.00 63.00 OK
r-devel-windows-x86_64-new-TK 2022.01.10 NOTE
r-patched-linux-x86_64 2022.01.10 1.59 21.60 23.19 OK
r-release-linux-x86_64 2022.01.10 1.84 21.49 23.33 OK
r-release-macos-arm64 2022.01.10 NOTE
r-release-macos-x86_64 2022.01.10 NOTE
r-release-windows-ix86+x86_64 2022.01.10 4.00 26.00 30.00 OK
r-oldrel-macos-x86_64 2021.02.24 NOTE
r-oldrel-windows-ix86+x86_64 2022.01.10 5.00 26.00 31.00 OK

Check Details

Version: 2022.01.10
Check: Rd cross-references
Result: NOTE
    Undeclared package ‘Unicode’ in Rd xrefs
Flavor: r-devel-linux-x86_64-fedora-clang

Version: 2022.01.10
Check: data for non-ASCII characters
Result: NOTE
     Note: found 7523 marked UTF-8 strings
Flavors: r-devel-linux-x86_64-fedora-clang, r-devel-linux-x86_64-fedora-gcc, r-devel-windows-x86_64-new-TK, r-release-macos-arm64, r-release-macos-x86_64

Version: 2021.02.24
Check: data for non-ASCII characters
Result: NOTE
     Note: found 7418 marked UTF-8 strings
Flavor: r-oldrel-macos-x86_64