Last updated on 2023-09-22 23:05:01 CEST.
Flavor | Version | Tinstall | Tcheck | Ttotal | Status | Flags |
---|---|---|---|---|---|---|
r-devel-linux-x86_64-debian-clang | 0.6-2 | 3.50 | 30.29 | 33.79 | OK | |
r-devel-linux-x86_64-debian-gcc | 0.6-2 | 2.35 | 23.66 | 26.01 | OK | |
r-devel-linux-x86_64-fedora-clang | 0.6-2 | 43.14 | NOTE | |||
r-devel-linux-x86_64-fedora-gcc | 0.6-2 | 43.32 | OK | |||
r-devel-windows-x86_64 | 0.6-2 | 3.00 | 47.00 | 50.00 | OK | |
r-patched-linux-x86_64 | 0.6-2 | 3.35 | 29.48 | 32.83 | OK | |
r-release-linux-x86_64 | 0.6-2 | 2.92 | 29.75 | 32.67 | OK | |
r-release-macos-arm64 | 0.6-2 | 18.00 | OK | |||
r-release-macos-x86_64 | 0.6-2 | 24.00 | OK | |||
r-release-windows-x86_64 | 0.6-2 | 4.00 | 47.00 | 51.00 | OK | |
r-oldrel-macos-arm64 | 0.6-2 | 17.00 | OK | |||
r-oldrel-macos-x86_64 | 0.6-2 | 22.00 | OK | |||
r-oldrel-windows-x86_64 | 0.6-2 | 5.00 | 57.00 | 62.00 | OK |
Version: 0.6-2
Check: Rd cross-references
Result: NOTE
Undeclared package ‘surveillance’ in Rd xrefs
Flavor: r-devel-linux-x86_64-fedora-clang