CRAN Package Check Results for Package IceCast

Last updated on 2019-10-13 22:48:42 CEST.

Flavor Version Tinstall Tcheck Ttotal Status Flags
r-devel-linux-x86_64-debian-clang 2.1.0 42.35 594.01 636.36 OK
r-devel-linux-x86_64-debian-gcc 2.1.0 34.45 429.84 464.29 OK
r-devel-linux-x86_64-fedora-clang 2.1.0 680.11 NOTE
r-devel-linux-x86_64-fedora-gcc 2.1.0 684.31 NOTE
r-devel-windows-ix86+x86_64 2.1.0 78.00 542.00 620.00 OK
r-patched-linux-x86_64 2.1.0 34.08 546.54 580.62 OK
r-patched-solaris-x86 2.1.0 928.70 NOTE
r-release-linux-x86_64 2.1.0 35.45 556.28 591.73 OK
r-release-windows-ix86+x86_64 2.1.0 120.00 683.00 803.00 OK
r-release-osx-x86_64 2.1.0 NOTE
r-oldrel-windows-ix86+x86_64 2.1.0 72.00 520.00 592.00 OK
r-oldrel-osx-x86_64 2.1.0 NOTE

Check Details

Version: 2.1.0
Check: dependencies in R code
Result: NOTE
    Namespace in Imports field not imported from: ‘coda’
     All declared Imports should be used.
Flavors: r-devel-linux-x86_64-fedora-clang, r-devel-linux-x86_64-fedora-gcc, r-patched-solaris-x86, r-release-osx-x86_64, r-oldrel-osx-x86_64