Last updated on 2024-03-28 23:01:47 CET.
Flavor | Version | Tinstall | Tcheck | Ttotal | Status | Flags |
---|---|---|---|---|---|---|
r-devel-linux-x86_64-debian-clang | 1.0.4 | 35.61 | 377.94 | 413.55 | OK | |
r-devel-linux-x86_64-debian-gcc | 1.0.4 | 26.77 | 268.00 | 294.77 | OK | |
r-devel-linux-x86_64-fedora-clang | 1.0.4 | 541.42 | NOTE | |||
r-devel-linux-x86_64-fedora-gcc | 1.0.4 | 521.82 | NOTE | |||
r-devel-windows-x86_64 | 1.0.4 | 25.00 | 256.00 | 281.00 | OK | |
r-patched-linux-x86_64 | 1.0.4 | 19.74 | 361.90 | 381.64 | OK | |
r-release-linux-x86_64 | 1.0.4 | 19.95 | 361.48 | 381.43 | OK | |
r-release-macos-arm64 | 1.0.4 | 96.00 | OK | |||
r-release-macos-x86_64 | 1.0.4 | 135.00 | OK | |||
r-release-windows-x86_64 | 1.0.4 | 38.00 | 334.00 | 372.00 | OK | |
r-oldrel-macos-arm64 | 1.0.4 | 93.00 | NOTE | |||
r-oldrel-windows-x86_64 | 1.0.4 | 39.00 | 345.00 | 384.00 | OK |
Version: 1.0.4
Check: data for non-ASCII characters
Result: NOTE
Note: found 10 marked UTF-8 strings
Flavors: r-devel-linux-x86_64-fedora-clang, r-devel-linux-x86_64-fedora-gcc, r-oldrel-macos-arm64
Version: 1.0.4
Check: for detritus in the temp directory
Result: NOTE
Found the following files/directories:
‘Crashpad’
Flavor: r-devel-linux-x86_64-fedora-gcc