CRAN Package Check Results for Package ImpactEffectsize

Last updated on 2024-06-13 22:49:31 CEST.

Flavor Version Tinstall Tcheck Ttotal Status Flags
r-devel-linux-x86_64-debian-clang 0.7 35.70 33.52 69.22 OK
r-devel-linux-x86_64-debian-gcc 0.7 23.09 25.26 48.35 NOTE
r-devel-linux-x86_64-fedora-clang 0.7 104.30 OK
r-devel-linux-x86_64-fedora-gcc 0.7 97.62 OK
r-devel-windows-x86_64 0.7 29.00 65.00 94.00 OK
r-patched-linux-x86_64 0.7 29.68 32.04 61.72 OK
r-release-linux-x86_64 0.7 28.25 32.47 60.72 OK
r-release-macos-arm64 0.7 28.00 OK
r-release-macos-x86_64 0.7 40.00 OK
r-release-windows-x86_64 0.7 31.00 67.00 98.00 OK
r-oldrel-macos-arm64 0.7 32.00 OK
r-oldrel-macos-x86_64 0.7 55.00 OK
r-oldrel-windows-x86_64 0.7 36.00 73.00 109.00 OK

Check Details

Version: 0.7
Check: package dependencies
Result: NOTE Package suggested but not available for checking: ‘testthat’ Flavor: r-devel-linux-x86_64-debian-gcc