CRAN Package Check Results for Package InSilicoVA

Last updated on 2019-09-18 22:52:39 CEST.

Flavor Version Tinstall Tcheck Ttotal Status Flags
r-devel-linux-x86_64-debian-clang 1.2.5 8.69 67.91 76.60 OK
r-devel-linux-x86_64-debian-gcc 1.2.5 6.88 52.04 58.92 OK
r-devel-linux-x86_64-fedora-clang 1.2.5 93.98 OK
r-devel-linux-x86_64-fedora-gcc 1.2.5 91.99 OK
r-devel-windows-ix86+x86_64 1.2.5 22.00 7.00 29.00 ERROR
r-patched-linux-x86_64 1.2.5 7.77 66.46 74.23 OK
r-patched-solaris-x86 1.2.5 128.30 OK
r-release-linux-x86_64 1.2.5 10.18 66.63 76.81 OK
r-release-windows-ix86+x86_64 1.2.5 20.00 131.00 151.00 OK
r-release-osx-x86_64 1.2.5 OK
r-oldrel-windows-ix86+x86_64 1.2.5 11.00 80.00 91.00 OK
r-oldrel-osx-x86_64 1.2.5 OK

Check Details

Version: 1.2.5
Check: whether package can be installed
Result: ERROR
    Installation failed.
Flavor: r-devel-windows-ix86+x86_64