CRAN Package Check Results for Package Inflation

Last updated on 2024-05-20 21:54:19 CEST.

Flavor Version Tinstall Tcheck Ttotal Status Flags
r-devel-linux-x86_64-debian-clang 0.1.0 2.70 30.17 32.87 NOTE
r-devel-linux-x86_64-debian-gcc 0.1.0 1.72 22.39 24.11 OK
r-devel-linux-x86_64-fedora-clang 0.1.0 38.81 NOTE
r-devel-linux-x86_64-fedora-gcc 0.1.0 37.24 NOTE
r-devel-windows-x86_64 0.1.0 3.00 48.00 51.00 OK
r-patched-linux-x86_64 0.1.0 2.59 28.17 30.76 OK
r-release-linux-x86_64 0.1.0 2.39 27.18 29.57 OK
r-release-macos-arm64 0.1.0 16.00 OK
r-release-windows-x86_64 0.1.0 2.00 48.00 50.00 OK
r-oldrel-macos-arm64 0.1.0 17.00 OK
r-oldrel-macos-x86_64 0.1.0 27.00 OK
r-oldrel-windows-x86_64 0.1.0 4.00 52.00 56.00 OK

Check Details

Version: 0.1.0
Check: dependencies in R code
Result: NOTE Fortran STOP IEEE arithmetic exceptions signaled: INEXACT Flavor: r-devel-linux-x86_64-debian-clang

Version: 0.1.0
Check: data for non-ASCII characters
Result: NOTE Note: found 151 marked UTF-8 strings Flavors: r-devel-linux-x86_64-fedora-clang, r-devel-linux-x86_64-fedora-gcc