CRAN Package Check Results for Package InvStablePrior

Last updated on 2024-05-18 22:27:38 CEST.

Flavor Version Tinstall Tcheck Ttotal Status Flags
r-devel-linux-x86_64-debian-clang 0.1.1 2.59 28.73 31.32 OK
r-devel-linux-x86_64-debian-gcc 0.1.1 1.92 21.85 23.77 OK
r-devel-linux-x86_64-fedora-clang 0.1.1 39.29 NOTE
r-devel-linux-x86_64-fedora-gcc 0.1.1 42.28 NOTE
r-devel-windows-x86_64 0.1.1 3.00 55.00 58.00 OK
r-patched-linux-x86_64 0.1.1 2.61 27.91 30.52 OK
r-release-linux-x86_64 0.1.1 2.23 27.30 29.53 OK
r-release-macos-arm64 0.1.1 18.00 OK
r-release-windows-x86_64 0.1.1 3.00 50.00 53.00 OK
r-oldrel-macos-arm64 0.1.1 17.00 OK
r-oldrel-macos-x86_64 0.1.1 29.00 OK
r-oldrel-windows-x86_64 0.1.1 4.00 50.00 54.00 OK

Check Details

Version: 0.1.1
Check: dependencies in R code
Result: NOTE Namespaces in Imports field not imported from: ‘fdrtool’ ‘nimble’ All declared Imports should be used. Flavors: r-devel-linux-x86_64-fedora-clang, r-devel-linux-x86_64-fedora-gcc