CRAN Package Check Results for Package Irescale

Last updated on 2021-06-19 22:56:32 CEST.

Flavor Version Tinstall Tcheck Ttotal Status Flags
r-devel-linux-x86_64-debian-clang 2.3.0 10.02 140.15 150.17 NOTE
r-devel-linux-x86_64-debian-gcc 2.3.0 7.65 103.80 111.45 NOTE
r-devel-linux-x86_64-fedora-clang 2.3.0 184.64 NOTE
r-devel-linux-x86_64-fedora-gcc 2.3.0 172.75 NOTE
r-devel-windows-x86_64 2.3.0 17.00 188.00 205.00 NOTE
r-devel-windows-x86_64-gcc10-UCRT 2.3.0 NOTE
r-patched-linux-x86_64 2.3.0 8.90 129.46 138.36 NOTE
r-patched-solaris-x86 2.3.0 286.60 NOTE
r-release-linux-x86_64 2.3.0 9.63 128.71 138.34 NOTE
r-release-macos-arm64 2.3.0 NOTE
r-release-macos-x86_64 2.3.0 NOTE
r-release-windows-ix86+x86_64 2.3.0 25.00 167.00 192.00 NOTE
r-oldrel-macos-x86_64 2.3.0 OK
r-oldrel-windows-ix86+x86_64 2.3.0 20.00 124.00 144.00 OK

Check Details

Version: 2.3.0
Check: LazyData
Result: NOTE
     'LazyData' is specified without a 'data' directory
Flavors: r-devel-linux-x86_64-debian-clang, r-devel-linux-x86_64-debian-gcc, r-devel-linux-x86_64-fedora-clang, r-devel-linux-x86_64-fedora-gcc, r-devel-windows-x86_64, r-devel-windows-x86_64-gcc10-UCRT, r-patched-linux-x86_64, r-patched-solaris-x86, r-release-linux-x86_64, r-release-macos-arm64, r-release-macos-x86_64, r-release-windows-ix86+x86_64