CRAN Package Check Results for Package JFE

Last updated on 2019-09-22 22:46:49 CEST.

Flavor Version Tinstall Tcheck Ttotal Status Flags
r-devel-linux-x86_64-debian-clang 2.1.3 15.81 114.38 130.19 OK
r-devel-linux-x86_64-debian-gcc 2.1.3 12.35 90.35 102.70 OK
r-devel-linux-x86_64-fedora-clang 2.1.3 158.01 NOTE
r-devel-linux-x86_64-fedora-gcc 2.1.3 158.35 NOTE
r-devel-windows-ix86+x86_64 2.1.3 49.00 182.00 231.00 OK
r-patched-linux-x86_64 2.1.3 15.78 113.70 129.48 OK
r-patched-solaris-x86 2.1.3 244.90 NOTE
r-release-linux-x86_64 2.1.3 15.83 113.85 129.68 OK
r-release-windows-ix86+x86_64 2.1.3 52.00 217.00 269.00 OK
r-release-osx-x86_64 2.1.3 ERROR
r-oldrel-windows-ix86+x86_64 2.1.3 29.00 117.00 146.00 OK
r-oldrel-osx-x86_64 2.1.3 ERROR

Check Details

Version: 2.1.3
Check: dependencies in R code
Result: NOTE
    Namespaces in Imports field not imported from:
     ‘BurStFin’ ‘MASS’ ‘fAssets’ ‘timeDate’
     All declared Imports should be used.
Flavors: r-devel-linux-x86_64-fedora-clang, r-devel-linux-x86_64-fedora-gcc, r-patched-solaris-x86

Version: 2.1.3
Check: whether package can be installed
Result: ERROR
    Installation failed.
Flavors: r-release-osx-x86_64, r-oldrel-osx-x86_64