CRAN Package Check Results for Package JGR

Last updated on 2021-11-29 22:59:14 CET.

Flavor Version Tinstall Tcheck Ttotal Status Flags
r-devel-linux-x86_64-debian-clang 1.8-7 5.02 39.10 44.12 OK
r-devel-linux-x86_64-debian-gcc 1.8-7 3.25 29.93 33.18 OK
r-devel-linux-x86_64-fedora-clang 1.8-7 61.14 OK
r-devel-linux-x86_64-fedora-gcc 1.8-7 54.75 OK
r-devel-windows-x86_64-new-UL 1.8-7 13.00 73.00 86.00 OK
r-devel-windows-x86_64-new-TK 1.8-7 OK
r-devel-windows-x86_64-old 1.8-7 8.00 48.00 56.00 OK
r-patched-linux-x86_64 1.8-7 4.76 37.56 42.32 OK
r-patched-solaris-x86 1.8-7 76.50 NOTE
r-release-linux-x86_64 1.8-7 5.00 37.85 42.85 OK
r-release-macos-arm64 1.8-7 OK --install=fake
r-release-macos-x86_64 1.8-7 OK --install=fake
r-release-windows-ix86+x86_64 1.8-7 10.00 46.00 56.00 OK
r-oldrel-macos-x86_64 1.8-7 OK --install=fake
r-oldrel-windows-ix86+x86_64 1.8-7 11.00 48.00 59.00 OK

Check Details

Version: 1.8-7
Check: package dependencies
Result: NOTE
    Package suggested but not available for checking: ‘XLConnect’
Flavor: r-patched-solaris-x86