CRAN Package Check Results for Package JGR

Last updated on 2021-06-19 22:56:32 CEST.

Flavor Version Tinstall Tcheck Ttotal Status Flags
r-devel-linux-x86_64-debian-clang 1.8-7 4.76 39.93 44.69 OK
r-devel-linux-x86_64-debian-gcc 1.8-7 3.75 30.51 34.26 OK
r-devel-linux-x86_64-fedora-clang 1.8-7 65.17 OK
r-devel-linux-x86_64-fedora-gcc 1.8-7 54.41 OK
r-devel-windows-x86_64 1.8-7 8.00 46.00 54.00 OK
r-devel-windows-x86_64-gcc10-UCRT 1.8-7 OK
r-patched-linux-x86_64 1.8-7 4.51 38.59 43.10 OK
r-patched-solaris-x86 1.8-7 82.20 NOTE
r-release-linux-x86_64 1.8-7 4.29 38.79 43.08 OK
r-release-macos-arm64 1.8-7 OK --install=fake
r-release-macos-x86_64 1.8-7 OK --install=fake
r-release-windows-ix86+x86_64 1.8-7 11.00 64.00 75.00 OK
r-oldrel-macos-x86_64 1.8-7 OK --install=fake
r-oldrel-windows-ix86+x86_64 1.8-7 8.00 57.00 65.00 OK

Check Details

Version: 1.8-7
Check: package dependencies
Result: NOTE
    Package suggested but not available for checking: ‘XLConnect’
Flavor: r-patched-solaris-x86