Last updated on 2024-03-28 23:01:47 CET.
Flavor | Version | Tinstall | Tcheck | Ttotal | Status | Flags |
---|---|---|---|---|---|---|
r-devel-linux-x86_64-debian-clang | 0.4-5 | 115.44 | 148.28 | 263.72 | OK | |
r-devel-linux-x86_64-debian-gcc | 0.4-5 | 76.95 | 107.95 | 184.90 | OK | |
r-devel-linux-x86_64-fedora-clang | 0.4-5 | 304.41 | OK | |||
r-devel-linux-x86_64-fedora-gcc | 0.4-5 | 324.44 | OK | |||
r-devel-windows-x86_64 | 0.4-5 | 75.00 | 137.00 | 212.00 | OK | |
r-patched-linux-x86_64 | 0.4-5 | 104.46 | 140.92 | 245.38 | OK | |
r-release-linux-x86_64 | 0.4-5 | 93.33 | 147.05 | 240.38 | OK | |
r-release-macos-arm64 | 0.4-5 | 74.00 | NOTE | |||
r-release-macos-x86_64 | 0.4-5 | 175.00 | NOTE | |||
r-release-windows-x86_64 | 0.4-5 | 96.00 | 168.00 | 264.00 | OK | |
r-oldrel-macos-arm64 | 0.4-5 | 82.00 | NOTE | |||
r-oldrel-windows-x86_64 | 0.4-5 | 89.00 | 164.00 | 253.00 | OK |
Version: 0.4-5
Check: installed package size
Result: NOTE
installed size is 9.7Mb
sub-directories of 1Mb or more:
libs 9.0Mb
Flavors: r-release-macos-arm64, r-release-macos-x86_64, r-oldrel-macos-arm64