CRAN Package Check Results for Package JOUSBoost

Last updated on 2021-10-21 22:50:39 CEST.

Flavor Version Tinstall Tcheck Ttotal Status Flags
r-devel-linux-x86_64-debian-clang 2.1.0 18.88 53.87 72.75 OK
r-devel-linux-x86_64-debian-gcc 2.1.0 13.73 43.12 56.85 OK
r-devel-linux-x86_64-fedora-clang 2.1.0 115.52 NOTE
r-devel-linux-x86_64-fedora-gcc 2.1.0 100.03 NOTE
r-devel-windows-x86_64 2.1.0 25.00 101.00 126.00 OK
r-devel-windows-x86_64-gcc10-UCRT 2.1.0 NOTE
r-patched-linux-x86_64 2.1.0 14.94 53.01 67.95 OK
r-patched-solaris-x86 2.1.0 125.40 NOTE
r-release-linux-x86_64 2.1.0 15.63 52.88 68.51 OK
r-release-macos-arm64 2.1.0 NOTE
r-release-macos-x86_64 2.1.0 NOTE
r-release-windows-ix86+x86_64 2.1.0 35.00 108.00 143.00 OK
r-oldrel-macos-x86_64 2.1.0 NOTE
r-oldrel-windows-ix86+x86_64 2.1.0 46.00 112.00 158.00 OK

Check Details

Version: 2.1.0
Check: dependencies in R code
Result: NOTE
    Namespace in Imports field not imported from: ‘doParallel’
     All declared Imports should be used.
Flavors: r-devel-linux-x86_64-fedora-clang, r-devel-linux-x86_64-fedora-gcc, r-devel-windows-x86_64-gcc10-UCRT, r-patched-solaris-x86, r-release-macos-arm64, r-release-macos-x86_64, r-oldrel-macos-x86_64