CRAN Package Check Results for Package JSM

Last updated on 2023-09-22 23:05:02 CEST.

Flavor Version Tinstall Tcheck Ttotal Status Flags
r-devel-linux-x86_64-debian-clang 1.0.1 291.16 220.54 511.70 OK
r-devel-linux-x86_64-debian-gcc 1.0.1 192.99 157.31 350.30 OK
r-devel-linux-x86_64-fedora-clang 1.0.1 736.42 OK
r-devel-linux-x86_64-fedora-gcc 1.0.1 746.86 OK
r-devel-windows-x86_64 1.0.1 218.00 214.00 432.00 OK
r-patched-linux-x86_64 1.0.1 278.19 210.95 489.14 OK
r-release-linux-x86_64 1.0.1 276.64 213.87 490.51 OK
r-release-macos-arm64 1.0.1 177.00 NOTE
r-release-macos-x86_64 1.0.1 309.00 NOTE
r-release-windows-x86_64 1.0.1 285.00 234.00 519.00 OK
r-oldrel-macos-arm64 1.0.1 167.00 NOTE
r-oldrel-macos-x86_64 1.0.1 220.00 NOTE
r-oldrel-windows-x86_64 1.0.1 261.00 243.00 504.00 OK

Check Details

Version: 1.0.1
Check: installed package size
Result: NOTE
     installed size is 16.9Mb
     sub-directories of 1Mb or more:
     libs 16.4Mb
Flavors: r-release-macos-arm64, r-release-macos-x86_64, r-oldrel-macos-arm64, r-oldrel-macos-x86_64