Last updated on 2019-12-11 22:51:11 CET.
Flavor | Version | Tinstall | Tcheck | Ttotal | Status | Flags |
---|---|---|---|---|---|---|
r-devel-linux-x86_64-debian-clang | 1.0.0 | 20.94 | 246.96 | 267.90 | OK | |
r-devel-linux-x86_64-debian-gcc | 1.0.0 | 19.76 | 179.32 | 199.08 | OK | |
r-devel-linux-x86_64-fedora-clang | 1.0.1 | 310.79 | OK | |||
r-devel-linux-x86_64-fedora-gcc | 1.0.1 | 297.36 | OK | |||
r-devel-windows-ix86+x86_64 | 1.0.0 | 55.00 | 235.00 | 290.00 | OK | |
r-devel-windows-ix86+x86_64-gcc8 | 1.0.0 | 80.00 | 342.00 | 422.00 | OK | |
r-patched-linux-x86_64 | 1.0.0 | 20.22 | 207.60 | 227.82 | OK | |
r-patched-solaris-x86 | 1.0.1 | 384.60 | OK | |||
r-release-linux-x86_64 | 1.0.0 | 18.08 | 208.66 | 226.74 | OK | |
r-release-windows-ix86+x86_64 | 1.0.0 | 38.00 | 220.00 | 258.00 | OK | |
r-release-osx-x86_64 | 1.0.0 | NOTE | ||||
r-oldrel-windows-ix86+x86_64 | 1.0.0 | 22.00 | 198.00 | 220.00 | OK | |
r-oldrel-osx-x86_64 | 1.0.0 | NOTE |
Version: 1.0.0
Check: dependencies in R code
Result: NOTE
Namespaces in Imports field not imported from:
‘Matrix’ ‘nlme’ ‘zoo’
All declared Imports should be used.
Flavors: r-release-osx-x86_64, r-oldrel-osx-x86_64