Last updated on 2023-09-26 23:04:16 CEST.
Flavor | Version | Tinstall | Tcheck | Ttotal | Status | Flags |
---|---|---|---|---|---|---|
r-devel-linux-x86_64-debian-clang | 0.1.9 | 2.40 | 136.88 | 139.28 | NOTE | |
r-devel-linux-x86_64-debian-gcc | 0.1.9 | 1.80 | 99.10 | 100.90 | NOTE | |
r-devel-linux-x86_64-fedora-clang | 0.1.9 | 170.05 | NOTE | |||
r-devel-linux-x86_64-fedora-gcc | 0.1.9 | 186.39 | NOTE | |||
r-devel-windows-x86_64 | 0.1.9 | 3.00 | 106.00 | 109.00 | NOTE | |
r-patched-linux-x86_64 | 0.1.9 | 1.50 | 134.19 | 135.69 | NOTE | |
r-release-linux-x86_64 | 0.1.9 | 1.60 | 130.21 | 131.81 | NOTE | |
r-release-macos-arm64 | 0.1.9 | 49.00 | NOTE | |||
r-release-macos-x86_64 | 0.1.9 | 92.00 | NOTE | |||
r-release-windows-x86_64 | 0.1.9 | 4.00 | 141.00 | 145.00 | NOTE | |
r-oldrel-macos-arm64 | 0.1.9 | 43.00 | NOTE | |||
r-oldrel-macos-x86_64 | 0.1.9 | 58.00 | NOTE | |||
r-oldrel-windows-x86_64 | 0.1.9 | 4.00 | 140.00 | 144.00 | NOTE |
Version: 0.1.9
Check: LazyData
Result: NOTE
'LazyData' is specified without a 'data' directory
Flavors: r-devel-linux-x86_64-debian-clang, r-devel-linux-x86_64-debian-gcc, r-devel-linux-x86_64-fedora-clang, r-devel-linux-x86_64-fedora-gcc, r-devel-windows-x86_64, r-patched-linux-x86_64, r-release-linux-x86_64, r-release-macos-arm64, r-release-macos-x86_64, r-release-windows-x86_64, r-oldrel-macos-arm64, r-oldrel-macos-x86_64, r-oldrel-windows-x86_64
Version: 0.1.9
Check: dependencies in R code
Result: NOTE
Namespace in Imports field not imported from: ‘GA’
All declared Imports should be used.
Flavors: r-devel-linux-x86_64-fedora-clang, r-devel-linux-x86_64-fedora-gcc, r-oldrel-macos-x86_64