Last updated on 2023-10-02 22:08:02 CEST.
Flavor | Version | Tinstall | Tcheck | Ttotal | Status | Flags |
---|---|---|---|---|---|---|
r-devel-linux-x86_64-debian-clang | 0.1.0 | 2.98 | 36.82 | 39.80 | NOTE | |
r-devel-linux-x86_64-debian-gcc | 0.1.0 | 2.24 | 27.52 | 29.76 | NOTE | |
r-devel-linux-x86_64-fedora-clang | 0.1.0 | 50.05 | NOTE | |||
r-devel-linux-x86_64-fedora-gcc | 0.1.0 | 62.66 | NOTE | |||
r-devel-windows-x86_64 | 0.1.0 | 4.00 | 51.00 | 55.00 | NOTE | |
r-patched-linux-x86_64 | 0.1.0 | 2.41 | 35.52 | 37.93 | NOTE | |
r-release-linux-x86_64 | 0.1.0 | 3.03 | 35.97 | 39.00 | NOTE | |
r-release-macos-arm64 | 0.1.0 | 25.00 | NOTE | |||
r-release-macos-x86_64 | 0.1.0 | 37.00 | NOTE | |||
r-release-windows-x86_64 | 0.1.0 | 5.00 | 50.00 | 55.00 | NOTE | |
r-oldrel-macos-arm64 | 0.1.0 | 22.00 | NOTE | |||
r-oldrel-macos-x86_64 | 0.1.0 | 25.00 | NOTE | |||
r-oldrel-windows-x86_64 | 0.1.0 | 5.00 | 53.00 | 58.00 | NOTE |
Version: 0.1.0
Check: LazyData
Result: NOTE
'LazyData' is specified without a 'data' directory
Flavors: r-devel-linux-x86_64-debian-clang, r-devel-linux-x86_64-debian-gcc, r-devel-linux-x86_64-fedora-clang, r-devel-linux-x86_64-fedora-gcc, r-devel-windows-x86_64, r-patched-linux-x86_64, r-release-linux-x86_64, r-release-macos-arm64, r-release-macos-x86_64, r-release-windows-x86_64, r-oldrel-macos-arm64, r-oldrel-macos-x86_64, r-oldrel-windows-x86_64