CRAN Package Check Results for Package KSD

Last updated on 2021-12-02 22:55:56 CET.

Flavor Version Tinstall Tcheck Ttotal Status Flags
r-devel-linux-x86_64-debian-clang 1.0.1 3.16 25.63 28.79 NOTE
r-devel-linux-x86_64-debian-gcc 1.0.1 2.18 19.73 21.91 NOTE
r-devel-linux-x86_64-fedora-clang 1.0.1 45.77 NOTE
r-devel-linux-x86_64-fedora-gcc 1.0.1 35.39 NOTE
r-devel-windows-x86_64-new-UL 1.0.1 8.00 58.00 66.00 NOTE
r-devel-windows-x86_64-new-TK 1.0.1 NOTE
r-devel-windows-x86_64-old 1.0.1 6.00 35.00 41.00 NOTE
r-patched-linux-x86_64 1.0.1 2.79 24.97 27.76 NOTE
r-patched-solaris-x86 1.0.1 52.10 NOTE
r-release-linux-x86_64 1.0.1 3.01 24.51 27.52 NOTE
r-release-macos-arm64 1.0.1 NOTE
r-release-macos-x86_64 1.0.1 NOTE
r-release-windows-ix86+x86_64 1.0.1 6.00 42.00 48.00 NOTE
r-oldrel-macos-x86_64 1.0.1 OK
r-oldrel-windows-ix86+x86_64 1.0.1 6.00 43.00 49.00 OK

Check Details

Version: 1.0.1
Check: LazyData
Result: NOTE
     'LazyData' is specified without a 'data' directory
Flavors: r-devel-linux-x86_64-debian-clang, r-devel-linux-x86_64-debian-gcc, r-devel-linux-x86_64-fedora-clang, r-devel-linux-x86_64-fedora-gcc, r-devel-windows-x86_64-new-UL, r-devel-windows-x86_64-new-TK, r-devel-windows-x86_64-old, r-patched-linux-x86_64, r-patched-solaris-x86, r-release-linux-x86_64, r-release-macos-arm64, r-release-macos-x86_64, r-release-windows-ix86+x86_64