CRAN Package Check Results for Package KScorrect

Last updated on 2023-10-04 00:01:51 CEST.

Flavor Version Tinstall Tcheck Ttotal Status Flags
r-devel-linux-x86_64-debian-clang 1.4.0 3.24 35.03 38.27 NOTE
r-devel-linux-x86_64-debian-gcc 1.4.0 1.92 27.13 29.05 NOTE
r-devel-linux-x86_64-fedora-clang 1.4.0 47.87 NOTE
r-devel-linux-x86_64-fedora-gcc 1.4.0 48.80 NOTE
r-devel-windows-x86_64 1.4.0 4.00 49.00 53.00 NOTE
r-patched-linux-x86_64 1.4.0 3.21 33.00 36.21 NOTE
r-release-linux-x86_64 1.4.0 3.33 32.97 36.30 NOTE
r-release-macos-arm64 1.4.0 19.00 NOTE
r-release-macos-x86_64 1.4.0 26.00 NOTE
r-release-windows-x86_64 1.4.0 6.00 50.00 56.00 NOTE
r-oldrel-macos-arm64 1.4.0 19.00 NOTE
r-oldrel-macos-x86_64 1.4.0 26.00 NOTE
r-oldrel-windows-x86_64 1.4.0 5.00 50.00 55.00 NOTE

Check Details

Version: 1.4.0
Check: LazyData
Result: NOTE
     'LazyData' is specified without a 'data' directory
Flavors: r-devel-linux-x86_64-debian-clang, r-devel-linux-x86_64-debian-gcc, r-devel-linux-x86_64-fedora-clang, r-devel-linux-x86_64-fedora-gcc, r-devel-windows-x86_64, r-patched-linux-x86_64, r-release-linux-x86_64, r-release-macos-arm64, r-release-macos-x86_64, r-release-windows-x86_64, r-oldrel-macos-arm64, r-oldrel-macos-x86_64, r-oldrel-windows-x86_64