CRAN Package Check Results for Package KernelICA

Last updated on 2021-07-30 22:57:30 CEST.

Flavor Version Tinstall Tcheck Ttotal Status Flags
r-devel-linux-x86_64-debian-clang 0.1.0 OK
r-devel-linux-x86_64-debian-gcc 0.1.0 82.67 70.45 153.12 OK
r-devel-linux-x86_64-fedora-clang 0.1.0 290.95 NOTE
r-devel-linux-x86_64-fedora-gcc 0.1.0 270.35 NOTE
r-devel-windows-x86_64 0.1.0 128.00 129.00 257.00 OK
r-devel-windows-x86_64-gcc10-UCRT 0.1.0 NOTE
r-patched-linux-x86_64 0.1.0 OK
r-patched-solaris-x86 0.1.0 279.70 WARN
r-release-linux-x86_64 0.1.0 101.81 88.34 190.15 OK
r-release-macos-arm64 0.1.0 WARN
r-release-macos-x86_64 0.1.0 WARN
r-release-windows-ix86+x86_64 0.1.0 267.00 120.00 387.00 OK
r-oldrel-macos-x86_64 0.1.0 ERROR
r-oldrel-windows-ix86+x86_64 0.1.0 228.00 167.00 395.00 OK

Check Details

Version: 0.1.0
Check: installed package size
Result: NOTE
     installed size is 17.5Mb
     sub-directories of 1Mb or more:
     libs 17.3Mb
Flavors: r-devel-linux-x86_64-fedora-clang, r-release-macos-arm64, r-release-macos-x86_64, r-oldrel-macos-x86_64

Version: 0.1.0
Check: dependencies in R code
Result: NOTE
    Namespace in Imports field not imported from: ‘inline’
     All declared Imports should be used.
Flavors: r-devel-linux-x86_64-fedora-clang, r-devel-linux-x86_64-fedora-gcc, r-devel-windows-x86_64-gcc10-UCRT, r-patched-solaris-x86, r-release-macos-arm64, r-release-macos-x86_64, r-oldrel-macos-x86_64

Version: 0.1.0
Check: compiled code
Result: WARN
    File ‘KernelICA/libs/KernelICA.so’:
     Found ‘__assert_c99’, possibly from ‘assert’ (C)
     Objects: ‘KernelICAProblem.o’, ‘RcppExports.o’
    
    Compiled code should not call entry points which might terminate R nor
    write to stdout/stderr instead of to the console, nor use Fortran I/O
    nor system RNGs.
    
    See ‘Writing portable packages’ in the ‘Writing R Extensions’ manual.
Flavor: r-patched-solaris-x86

Version: 0.1.0
Check: compiled code
Result: WARN
    File ‘KernelICA/libs/KernelICA.so’:
     Found ‘___assert_rtn’, possibly from ‘assert’ (C)
     Objects: ‘KernelICAProblem.o’, ‘RcppExports.o’
    
    Compiled code should not call entry points which might terminate R nor
    write to stdout/stderr instead of to the console, nor use Fortran I/O
    nor system RNGs.
    
    See ‘Writing portable packages’ in the ‘Writing R Extensions’ manual.
Flavors: r-release-macos-arm64, r-release-macos-x86_64, r-oldrel-macos-x86_64

Version: 0.1.0
Check: examples
Result: ERROR
    Running examples in ‘KernelICA-Ex.R’ failed
    The error most likely occurred in:
    
    > ### Name: kernel_ica
    > ### Title: Kernel Independent Component Analysis
    > ### Aliases: kernel_ica
    >
    > ### ** Examples
    >
    > require(JADE)
    Loading required package: JADE
    > require(ICtest)
    Loading required package: ICtest
    Loading required package: ICS
    Loading required package: mvtnorm
    Loading required package: ggplot2
    >
    > n <- 2000
    > p <- 3
    > S <- matrix(0, n, p)
    >
    > # the three data sources used in this example
    > S[, 1] <- rexp(n, rate = 0.4)
    > S[, 2] <- runif(n, 2, 4)
    > S[, 3] <- rt(n, 5)
    >
    > W <- ICtest::rorth(p) # creates an orthogonal matrix
    > y <- S %*% t(W) # mixes the data
    >
    > # applying kernel ICA method
    > res <- KernelICA::kernel_ica(y, variant = "kgv", kernel = "hermite")
    
     *** caught segfault ***
    address 0x0, cause 'unknown'
    
    Traceback:
     1: ManifoldOptim::manifold.optim(prob, mani.defn, method = optim_method, mani.params = mani_params, solver.params = solver_params, x0 = t(init[[i]]))
     2: KernelICA::kernel_ica(y, variant = "kgv", kernel = "hermite")
    An irrecoverable exception occurred. R is aborting now ...
Flavor: r-oldrel-macos-x86_64