CRAN Package Check Results for Package KraljicMatrix

Last updated on 2023-09-30 22:59:10 CEST.

Flavor Version Tinstall Tcheck Ttotal Status Flags
r-devel-linux-x86_64-debian-clang 0.2.1 6.36 60.97 67.33 OK
r-devel-linux-x86_64-debian-gcc 0.2.1 4.74 46.65 51.39 OK
r-devel-linux-x86_64-fedora-clang 0.2.1 83.70 NOTE
r-devel-linux-x86_64-fedora-gcc 0.2.1 98.18 NOTE
r-devel-windows-x86_64 0.2.1 6.00 67.00 73.00 OK
r-patched-linux-x86_64 0.2.1 5.72 57.62 63.34 OK
r-release-linux-x86_64 0.2.1 4.44 58.55 62.99 OK
r-release-macos-arm64 0.2.1 40.00 OK
r-release-macos-x86_64 0.2.1 59.00 OK
r-release-windows-x86_64 0.2.1 9.00 75.00 84.00 OK
r-oldrel-macos-arm64 0.2.1 27.00 NOTE
r-oldrel-macos-x86_64 0.2.1 51.00 NOTE
r-oldrel-windows-x86_64 0.2.1 9.00 80.00 89.00 OK

Check Details

Version: 0.2.1
Check: dependencies in R code
Result: NOTE
    Namespaces in Imports field not imported from:
     ‘dplyr’ ‘tibble’
     All declared Imports should be used.
Flavors: r-devel-linux-x86_64-fedora-clang, r-devel-linux-x86_64-fedora-gcc, r-oldrel-macos-arm64, r-oldrel-macos-x86_64