CRAN Package Check Results for Package L0Learn

Last updated on 2021-11-29 22:59:15 CET.

Flavor Version Tinstall Tcheck Ttotal Status Flags
r-devel-linux-x86_64-debian-clang 2.0.3 261.56 141.68 403.24 OK
r-devel-linux-x86_64-debian-gcc 2.0.3 187.12 157.26 344.38 OK
r-devel-linux-x86_64-fedora-clang 2.0.3 570.25 NOTE
r-devel-linux-x86_64-fedora-gcc 2.0.3 555.20 OK
r-devel-windows-x86_64-new-UL 2.0.3 308.00 504.00 812.00 OK
r-devel-windows-x86_64-new-TK 2.0.3 OK
r-devel-windows-x86_64-old 2.0.3 297.00 170.00 467.00 OK
r-patched-linux-x86_64 2.0.3 209.98 174.91 384.89 OK
r-patched-solaris-x86 2.0.3 474.10 OK
r-release-linux-x86_64 2.0.3 210.52 163.61 374.13 OK
r-release-macos-arm64 2.0.3 NOTE
r-release-macos-x86_64 2.0.3 NOTE
r-release-windows-ix86+x86_64 2.0.3 583.00 276.00 859.00 NOTE
r-oldrel-macos-x86_64 2.0.3 NOTE
r-oldrel-windows-ix86+x86_64 2.0.3 435.00 210.00 645.00 NOTE

Check Details

Version: 2.0.3
Check: installed package size
Result: NOTE
     installed size is 17.0Mb
     sub-directories of 1Mb or more:
     doc 2.4Mb
     libs 14.4Mb
Flavors: r-devel-linux-x86_64-fedora-clang, r-release-macos-arm64, r-release-macos-x86_64, r-release-windows-ix86+x86_64, r-oldrel-macos-x86_64, r-oldrel-windows-ix86+x86_64