CRAN Package Check Results for Package LAGOSNE

Last updated on 2021-10-17 22:48:38 CEST.

Flavor Version Tinstall Tcheck Ttotal Status Flags
r-devel-linux-x86_64-debian-clang 2.0.2 7.29 68.95 76.24 NOTE
r-devel-linux-x86_64-debian-gcc 2.0.2 6.77 52.32 59.09 NOTE
r-devel-linux-x86_64-fedora-clang 2.0.2 105.83 NOTE
r-devel-linux-x86_64-fedora-gcc 2.0.2 96.77 NOTE
r-devel-windows-x86_64 2.0.2 14.00 91.00 105.00 NOTE
r-devel-windows-x86_64-gcc10-UCRT 2.0.2 NOTE
r-patched-linux-x86_64 2.0.2 8.19 66.06 74.25 NOTE
r-patched-solaris-x86 2.0.2 158.20 NOTE
r-release-linux-x86_64 2.0.2 7.64 65.99 73.63 NOTE
r-release-macos-arm64 2.0.2 NOTE
r-release-macos-x86_64 2.0.2 NOTE
r-release-windows-ix86+x86_64 2.0.2 22.00 93.00 115.00 NOTE
r-oldrel-macos-x86_64 2.0.2 OK
r-oldrel-windows-ix86+x86_64 2.0.2 19.00 95.00 114.00 OK

Check Details

Version: 2.0.2
Check: LazyData
Result: NOTE
     'LazyData' is specified without a 'data' directory
Flavors: r-devel-linux-x86_64-debian-clang, r-devel-linux-x86_64-debian-gcc, r-devel-linux-x86_64-fedora-clang, r-devel-linux-x86_64-fedora-gcc, r-devel-windows-x86_64, r-devel-windows-x86_64-gcc10-UCRT, r-patched-linux-x86_64, r-patched-solaris-x86, r-release-linux-x86_64, r-release-macos-arm64, r-release-macos-x86_64, r-release-windows-ix86+x86_64