CRAN Package Check Results for Package LANDD

Last updated on 2019-12-11 22:51:11 CET.

Flavor Version Tinstall Tcheck Ttotal Status Flags
r-devel-linux-x86_64-debian-clang 1.1.0 46.64 228.95 275.59 NOTE
r-devel-linux-x86_64-debian-gcc 1.1.0 36.35 175.02 211.37 NOTE
r-devel-linux-x86_64-fedora-clang 1.1.0 351.56 NOTE
r-devel-linux-x86_64-fedora-gcc 1.1.0 326.45 NOTE
r-devel-windows-ix86+x86_64 1.1.0 86.00 276.00 362.00 NOTE
r-devel-windows-ix86+x86_64-gcc8 1.1.0 122.00 429.00 551.00 NOTE
r-patched-linux-x86_64 1.1.0 38.73 199.11 237.84 NOTE
r-patched-solaris-x86 1.1.0 412.40 NOTE
r-release-linux-x86_64 1.1.0 35.32 196.76 232.08 NOTE
r-release-windows-ix86+x86_64 1.1.0 82.00 289.00 371.00 NOTE
r-release-osx-x86_64 1.1.0 ERROR
r-oldrel-windows-ix86+x86_64 1.1.0 63.00 276.00 339.00 NOTE
r-oldrel-osx-x86_64 1.1.0 NOTE

Check Details

Version: 1.1.0
Check: R code for possible problems
Result: NOTE
    getGO: no visible global function definition for 'new'
    getGO: no visible global function definition for 'getGeneric'
    graph.kd: no visible global function definition for 'as'
    Undefined global functions or variables:
     as getGeneric new
    Consider adding
     importFrom("methods", "as", "getGeneric", "new")
    to your NAMESPACE file (and ensure that your DESCRIPTION Imports field
    contains 'methods').
Flavors: r-devel-linux-x86_64-debian-clang, r-devel-linux-x86_64-debian-gcc, r-devel-linux-x86_64-fedora-clang, r-devel-linux-x86_64-fedora-gcc, r-devel-windows-ix86+x86_64, r-devel-windows-ix86+x86_64-gcc8, r-patched-linux-x86_64, r-patched-solaris-x86, r-release-linux-x86_64, r-release-windows-ix86+x86_64, r-oldrel-windows-ix86+x86_64, r-oldrel-osx-x86_64

Version: 1.1.0
Check: compiled code
Result: NOTE
    File ‘LANDD/libs/LANDD.so’:
     Found no calls to: ‘R_registerRoutines’, ‘R_useDynamicSymbols’
    
    It is good practice to register native routines and to disable symbol
    search.
    
    See ‘Writing portable packages’ in the ‘Writing R Extensions’ manual.
Flavors: r-devel-linux-x86_64-fedora-clang, r-devel-linux-x86_64-fedora-gcc

Version: 1.1.0
Check: whether package can be installed
Result: ERROR
    Installation failed.
Flavor: r-release-osx-x86_64