CRAN Package Check Results for Package LANDD

Last updated on 2021-06-19 22:56:33 CEST.

Flavor Version Tinstall Tcheck Ttotal Status Flags
r-devel-linux-x86_64-debian-clang 1.1.0 51.99 286.32 338.31 NOTE
r-devel-linux-x86_64-debian-gcc 1.1.0 41.58 212.35 253.93 NOTE
r-devel-linux-x86_64-fedora-clang 1.1.0 436.39 NOTE
r-devel-linux-x86_64-fedora-gcc 1.1.0 401.54 NOTE
r-devel-windows-x86_64 1.1.0 74.00 327.00 401.00 NOTE
r-devel-windows-x86_64-gcc10-UCRT 1.1.0 ERROR
r-patched-linux-x86_64 1.1.0 45.20 271.12 316.32 NOTE
r-patched-solaris-x86 1.1.0 550.50 NOTE
r-release-linux-x86_64 1.1.0 49.64 268.40 318.04 NOTE
r-release-macos-arm64 1.1.0 ERROR
r-release-macos-x86_64 1.1.0 ERROR
r-release-windows-ix86+x86_64 1.1.0 122.00 437.00 559.00 NOTE
r-oldrel-macos-x86_64 1.1.0 NOTE
r-oldrel-windows-ix86+x86_64 1.1.0 79.00 331.00 410.00 NOTE

Check Details

Version: 1.1.0
Check: R code for possible problems
Result: NOTE
    getGO: no visible global function definition for 'new'
    getGO: no visible global function definition for 'getGeneric'
    graph.kd: no visible global function definition for 'as'
    Undefined global functions or variables:
     as getGeneric new
    Consider adding
     importFrom("methods", "as", "getGeneric", "new")
    to your NAMESPACE file (and ensure that your DESCRIPTION Imports field
    contains 'methods').
Flavors: r-devel-linux-x86_64-debian-clang, r-devel-linux-x86_64-debian-gcc, r-devel-linux-x86_64-fedora-clang, r-devel-linux-x86_64-fedora-gcc, r-devel-windows-x86_64, r-patched-linux-x86_64, r-patched-solaris-x86, r-release-linux-x86_64, r-release-windows-ix86+x86_64, r-oldrel-macos-x86_64, r-oldrel-windows-ix86+x86_64

Version: 1.1.0
Check: compiled code
Result: NOTE
    File ‘LANDD/libs/LANDD.so’:
     Found no calls to: ‘R_registerRoutines’, ‘R_useDynamicSymbols’
    
    It is good practice to register native routines and to disable symbol
    search.
    
    See ‘Writing portable packages’ in the ‘Writing R Extensions’ manual.
Flavors: r-devel-linux-x86_64-fedora-clang, r-devel-linux-x86_64-fedora-gcc

Version: 1.1.0
Check: package dependencies
Result: ERROR
    Package required but not available: 'GOstats'
    
    See section 'The DESCRIPTION file' in the 'Writing R Extensions'
    manual.
Flavor: r-devel-windows-x86_64-gcc10-UCRT

Version: 1.1.0
Check: package dependencies
Result: ERROR
    Packages required but not available: 'GOstats', 'GOSemSim'
    
    See section ‘The DESCRIPTION file’ in the ‘Writing R Extensions’
    manual.
Flavor: r-release-macos-arm64

Version: 1.1.0
Check: whether package can be installed
Result: ERROR
    Installation failed.
Flavor: r-release-macos-x86_64