CRAN Package Check Results for Package LDATS

Last updated on 2021-10-23 22:57:52 CEST.

Flavor Version Tinstall Tcheck Ttotal Status Flags
r-devel-linux-x86_64-debian-clang 0.2.7 11.00 150.24 161.24 OK
r-devel-linux-x86_64-debian-gcc 0.2.7 8.46 108.66 117.12 OK
r-devel-linux-x86_64-fedora-clang 0.2.7 195.54 OK
r-devel-linux-x86_64-fedora-gcc 0.2.7 192.54 OK
r-devel-windows-x86_64 0.2.7 18.00 222.00 240.00 OK
r-devel-windows-x86_64-gcc10-UCRT 0.2.7 OK
r-patched-linux-x86_64 0.2.7 12.16 144.92 157.08 OK
r-patched-solaris-x86 0.2.7 250.70 OK
r-release-linux-x86_64 0.2.7 8.27 147.04 155.31 OK
r-release-macos-arm64 0.2.7 OK
r-release-macos-x86_64 0.2.7 WARN
r-release-windows-ix86+x86_64 0.2.7 16.00 211.00 227.00 OK
r-oldrel-macos-x86_64 0.2.7 WARN
r-oldrel-windows-ix86+x86_64 0.2.7 28.00 218.00 246.00 OK

Check Details

Version: 0.2.7
Check: re-building of vignette outputs
Result: WARN
    Error(s) in re-building vignettes:
     ...
    --- re-building ‘LDATS_codebase.Rmd’ using rmarkdown
    Warning in engine$weave(file, quiet = quiet, encoding = enc) :
     Pandoc (>= 1.12.3) not available. Falling back to R Markdown v1.
    --- finished re-building ‘LDATS_codebase.Rmd’
    
    --- re-building ‘paper-comparison.Rmd’ using rmarkdown
    Warning in engine$weave(file, quiet = quiet, encoding = enc) :
     Pandoc (>= 1.12.3) not available. Falling back to R Markdown v1.
    Quitting from lines 59-60 (paper-comparison.Rmd)
    Error: processing vignette 'paper-comparison.Rmd' failed with diagnostics:
    object 'params' not found
    --- failed re-building ‘paper-comparison.Rmd’
    
    --- re-building ‘rodents-example.Rmd’ using rmarkdown
    Warning in engine$weave(file, quiet = quiet, encoding = enc) :
     Pandoc (>= 1.12.3) not available. Falling back to R Markdown v1.
    --- finished re-building ‘rodents-example.Rmd’
    
    SUMMARY: processing the following file failed:
     ‘paper-comparison.Rmd’
    
    Error: Vignette re-building failed.
    Execution halted
Flavor: r-release-macos-x86_64

Version: 0.2.7
Check: re-building of vignette outputs
Result: WARN
    Error(s) in re-building vignettes:
     ...
    --- re-building ‘LDATS_codebase.Rmd’ using rmarkdown
    Warning in engine$weave(file, quiet = quiet, encoding = enc) :
     Pandoc (>= 1.12.3) and/or pandoc-citeproc not available. Falling back to R Markdown v1.
    --- finished re-building ‘LDATS_codebase.Rmd’
    
    --- re-building ‘paper-comparison.Rmd’ using rmarkdown
    Warning in engine$weave(file, quiet = quiet, encoding = enc) :
     Pandoc (>= 1.12.3) and/or pandoc-citeproc not available. Falling back to R Markdown v1.
    Quitting from lines 59-60 (paper-comparison.Rmd)
    Error: processing vignette 'paper-comparison.Rmd' failed with diagnostics:
    object 'params' not found
    --- failed re-building ‘paper-comparison.Rmd’
    
    --- re-building ‘rodents-example.Rmd’ using rmarkdown
    Warning in engine$weave(file, quiet = quiet, encoding = enc) :
     Pandoc (>= 1.12.3) and/or pandoc-citeproc not available. Falling back to R Markdown v1.
    --- finished re-building ‘rodents-example.Rmd’
    
    SUMMARY: processing the following file failed:
     ‘paper-comparison.Rmd’
    
    Error: Vignette re-building failed.
    Execution halted
Flavor: r-oldrel-macos-x86_64