CRAN Package Check Results for Package LDLcalc

Last updated on 2022-08-12 22:56:00 CEST.

Flavor Version Tinstall Tcheck Ttotal Status Flags
r-devel-linux-x86_64-debian-clang 2.0 12.68 302.49 315.17 OK
r-devel-linux-x86_64-debian-gcc 2.0 9.22 187.17 196.39 ERROR
r-devel-linux-x86_64-fedora-clang 2.0 369.02 OK
r-devel-linux-x86_64-fedora-gcc 2.0 370.34 OK
r-devel-windows-x86_64 2.0 38.00 388.00 426.00 OK
r-patched-linux-x86_64 2.0 10.38 286.00 296.38 OK
r-release-linux-x86_64 2.0 8.71 290.11 298.82 OK
r-release-macos-arm64 2.0 117.00 OK
r-release-macos-x86_64 2.0 138.00 OK
r-release-windows-x86_64 2.0 36.00 370.00 406.00 OK
r-oldrel-macos-arm64 2.0 109.00 OK
r-oldrel-macos-x86_64 2.0 137.00 OK
r-oldrel-windows-ix86+x86_64 2.0 21.00 366.00 387.00 WARN

Additional issues

donttest

Check Details

Version: 2.0
Check: package dependencies
Result: NOTE
    Package suggested but not available for checking: ‘gbm’
Flavor: r-devel-linux-x86_64-debian-gcc

Version: 2.0
Check: tests
Result: ERROR
     Running ‘testthat.R’ [73s/125s]
    Running the tests in ‘tests/testthat.R’ failed.
    Complete output:
     > library(testthat)
     > library(LDLcalc)
     >
     > test_check("LDLcalc")
     Loading required package: ggplot2
     Loading required package: lattice
     Loading required package: earth
     Loading required package: Formula
     Loading required package: plotmo
     Loading required package: plotrix
     Loading required package: TeachingDemos
    
     |
     | | 0%
     |
     |= | 1%
     |
     |= | 2%
     |
     |== | 2%
     |
     |== | 3%
     |
     |=== | 4%
     |
     |=== | 5%
     |
     |==== | 5%
     |
     |==== | 6%
     |
     |===== | 7%
     |
     |===== | 8%
     |
     |====== | 8%
     |
     |====== | 9%
     |
     |======= | 9%
     |
     |======= | 10%
     |
     |======= | 11%
     |
     |======== | 11%
     |
     |======== | 12%
     |
     |========= | 12%
     |
     |========= | 13%
     |
     |========= | 14%
     |
     |========== | 14%
     |
     |========== | 15%
     |
     |=========== | 15%
     |
     |=========== | 16%
     |
     |============ | 17%
     |
     |============ | 18%
     |
     |============= | 18%
     |
     |============= | 19%
     |
     |============== | 20%
     |
     |=============== | 21%
     |
     |=============== | 22%
     |
     |================ | 23%
     |
     |================= | 24%
     |
     |================= | 25%
     |
     |================== | 25%
     |
     |================== | 26%
     |
     |=================== | 27%
     |
     |==================== | 28%
     |
     |==================== | 29%
     |
     |===================== | 30%
     |
     |====================== | 31%
     |
     |====================== | 32%
     |
     |======================= | 32%
     |
     |======================= | 33%
     |
     |======================== | 34%
     |
     |======================== | 35%
     |
     |========================= | 35%
     |
     |========================= | 36%
     |
     |========================== | 36%
     |
     |========================== | 37%
     |
     |========================== | 38%
     |
     |=========================== | 38%
     |
     |=========================== | 39%
     |
     |============================ | 39%
     |
     |============================ | 40%
     |
     |============================ | 41%
     |
     |============================= | 41%
     |
     |============================= | 42%
     |
     |============================== | 42%
     |
     |============================== | 43%
     |
     |=============================== | 44%
     |
     |=============================== | 45%
     |
     |================================ | 45%
     |
     |================================ | 46%
     |
     |================================= | 47%
     |
     |================================= | 48%
     |
     |================================== | 48%
     |
     |================================== | 49%
     |
     |=================================== | 50%
     |
     |==================================== | 51%
     |
     |==================================== | 52%
     |
     |===================================== | 52%
     |
     |===================================== | 53%
     |
     |====================================== | 54%
     |
     |====================================== | 55%
     |
     |======================================= | 55%
     |
     |======================================= | 56%
     |
     |======================================== | 57%
     |
     |======================================== | 58%
     |
     |========================================= | 58%
     |
     |========================================= | 59%
     |
     |========================================== | 59%
     |
     |========================================== | 60%
     |
     |========================================== | 61%
     |
     |=========================================== | 61%
     |
     |=========================================== | 62%
     |
     |============================================ | 62%
     |
     |============================================ | 63%
     |
     |============================================ | 64%
     |
     |============================================= | 64%
     |
     |============================================= | 65%
     |
     |============================================== | 65%
     |
     |============================================== | 66%
     |
     |=============================================== | 67%
     |
     |=============================================== | 68%
     |
     |================================================ | 68%
     |
     |================================================ | 69%
     |
     |================================================= | 70%
     |
     |================================================== | 71%
     |
     |================================================== | 72%
     |
     |=================================================== | 73%
     |
     |==================================================== | 74%
     |
     |==================================================== | 75%
     |
     |===================================================== | 75%
     |
     |===================================================== | 76%
     |
     |====================================================== | 77%
     |
     |======================================================= | 78%
     |
     |======================================================= | 79%
     |
     |======================================================== | 80%
     |
     |========================================================= | 81%
     |
     |========================================================= | 82%
     |
     |========================================================== | 82%
     |
     |========================================================== | 83%
     |
     |=========================================================== | 84%
     |
     |=========================================================== | 85%
     |
     |============================================================ | 85%
     |
     |============================================================ | 86%
     |
     |============================================================= | 86%
     |
     |============================================================= | 87%
     |
     |============================================================= | 88%
     |
     |============================================================== | 88%
     |
     |============================================================== | 89%
     |
     |=============================================================== | 89%
     |
     |=============================================================== | 90%
     |
     |=============================================================== | 91%
     |
     |================================================================ | 91%
     |
     |================================================================ | 92%
     |
     |================================================================= | 92%
     |
     |================================================================= | 93%
     |
     |================================================================== | 94%
     |
     |================================================================== | 95%
     |
     |=================================================================== | 95%
     |
     |=================================================================== | 96%
     |
     |==================================================================== | 97%
     |
     |==================================================================== | 98%
     |
     |===================================================================== | 98%
     |
     |===================================================================== | 99%
     |
     |======================================================================| 100%
     |
     | | 0%
     |
     | | 1%
     |
     |= | 1%
     |
     |= | 2%
     |
     |== | 2%
     |
     |== | 3%
     |
     |== | 4%
     |
     |=== | 4%
     |
     |=== | 5%
     |
     |==== | 5%
     |
     |==== | 6%
     |
     |===== | 6%
     |
     |===== | 7%
     |
     |===== | 8%
     |
     |====== | 8%
     |
     |====== | 9%
     |
     |======= | 9%
     |
     |======= | 10%
     |
     |======= | 11%
     |
     |======== | 11%
     |
     |======== | 12%
     |
     |========= | 12%
     |
     |========= | 13%
     |
     |========= | 14%
     |
     |========== | 14%
     |
     |========== | 15%
     |
     |=========== | 15%
     |
     |=========== | 16%
     |
     |============ | 16%
     |
     |============ | 17%
     |
     |============ | 18%
     |
     |============= | 18%
     |
     |============= | 19%
     |
     |============== | 19%
     |
     |============== | 20%
     |
     |============== | 21%
     |
     |=============== | 21%
     |
     |=============== | 22%
     |
     |================ | 22%
     |
     |================ | 23%
     |
     |================ | 24%
     |
     |================= | 24%
     |
     |================= | 25%
     |
     |================== | 25%
     |
     |================== | 26%
     |
     |=================== | 26%
     |
     |=================== | 27%
     |
     |=================== | 28%
     |
     |==================== | 28%
     |
     |==================== | 29%
     |
     |===================== | 29%
     |
     |===================== | 30%
     |
     |===================== | 31%
     |
     |====================== | 31%
     |
     |====================== | 32%
     |
     |======================= | 32%
     |
     |======================= | 33%
     |
     |======================= | 34%
     |
     |======================== | 34%
     |
     |======================== | 35%
     |
     |========================= | 35%
     |
     |========================= | 36%
     |
     |========================== | 36%
     |
     |========================== | 37%
     |
     |========================== | 38%
     |
     |=========================== | 38%
     |
     |=========================== | 39%
     |
     |============================ | 39%
     |
     |============================ | 40%
     |
     |============================ | 41%
     |
     |============================= | 41%
     |
     |============================= | 42%
     |
     |============================== | 42%
     |
     |============================== | 43%
     |
     |============================== | 44%
     |
     |=============================== | 44%
     |
     |=============================== | 45%
     |
     |================================ | 45%
     |
     |================================ | 46%
     |
     |================================= | 46%
     |
     |================================= | 47%
     |
     |================================= | 48%
     |
     |================================== | 48%
     |
     |================================== | 49%
     |
     |=================================== | 49%
     |
     |=================================== | 50%
     |
     |=================================== | 51%
     |
     |==================================== | 51%
     |
     |==================================== | 52%
     |
     |===================================== | 52%
     |
     |===================================== | 53%
     |
     |===================================== | 54%
     |
     |====================================== | 54%
     |
     |====================================== | 55%
     |
     |======================================= | 55%
     |
     |======================================= | 56%
     |
     |======================================== | 56%
     |
     |======================================== | 57%
     |
     |======================================== | 58%
     |
     |========================================= | 58%
     |
     |========================================= | 59%
     |
     |========================================== | 59%
     |
     |========================================== | 60%
     |
     |========================================== | 61%
     |
     |=========================================== | 61%
     |
     |=========================================== | 62%
     |
     |============================================ | 62%
     |
     |============================================ | 63%
     |
     |============================================ | 64%
     |
     |============================================= | 64%
     |
     |============================================= | 65%
     |
     |============================================== | 65%
     |
     |============================================== | 66%
     |
     |=============================================== | 66%
     |
     |=============================================== | 67%
     |
     |=============================================== | 68%
     |
     |================================================ | 68%
     |
     |================================================ | 69%
     |
     |================================================= | 69%
     |
     |================================================= | 70%
     |
     |================================================= | 71%
     |
     |================================================== | 71%
     |
     |================================================== | 72%
     |
     |=================================================== | 72%
     |
     |=================================================== | 73%
     |
     |=================================================== | 74%
     |
     |==================================================== | 74%
     |
     |==================================================== | 75%
     |
     |===================================================== | 75%
     |
     |===================================================== | 76%
     |
     |====================================================== | 76%
     |
     |====================================================== | 77%
     |
     |====================================================== | 78%
     |
     |======================================================= | 78%
     |
     |======================================================= | 79%
     |
     |======================================================== | 79%
     |
     |======================================================== | 80%
     |
     |======================================================== | 81%
     |
     |========================================================= | 81%
     |
     |========================================================= | 82%
     |
     |========================================================== | 82%
     |
     |========================================================== | 83%
     |
     |========================================================== | 84%
     |
     |=========================================================== | 84%
     |
     |=========================================================== | 85%
     |
     |============================================================ | 85%
     |
     |============================================================ | 86%
     |
     |============================================================= | 86%
     |
     |============================================================= | 87%
     |
     |============================================================= | 88%
     |
     |============================================================== | 88%
     |
     |============================================================== | 89%
     |
     |=============================================================== | 89%
     |
     |=============================================================== | 90%
     |
     |=============================================================== | 91%
     |
     |================================================================ | 91%
     |
     |================================================================ | 92%
     |
     |================================================================= | 92%
     |
     |================================================================= | 93%
     |
     |================================================================= | 94%
     |
     |================================================================== | 94%
     |
     |================================================================== | 95%
     |
     |=================================================================== | 95%
     |
     |=================================================================== | 96%
     |
     |==================================================================== | 96%
     |
     |==================================================================== | 97%
     |
     |==================================================================== | 98%
     |
     |===================================================================== | 98%
     |
     |===================================================================== | 99%
     |
     |======================================================================| 99%
     |
     |======================================================================| 100%Metric: 'jensen-shannon' using unit: 'log2'; comparing: 2 vectors.
     Metric: 'jensen-shannon' using unit: 'log2'; comparing: 2 vectors.
    
     |
     | | 0%
     |
     | | 1%
     |
     |= | 1%
     |
     |= | 2%
     |
     |== | 2%
     |
     |== | 3%
     |
     |== | 4%
     |
     |=== | 4%
     |
     |=== | 5%
     |
     |==== | 5%
     |
     |==== | 6%
     |
     |===== | 6%
     |
     |===== | 7%
     |
     |===== | 8%
     |
     |====== | 8%
     |
     |====== | 9%
     |
     |======= | 9%
     |
     |======= | 10%
     |
     |======= | 11%
     |
     |======== | 11%
     |
     |======== | 12%
     |
     |========= | 12%
     |
     |========= | 13%
     |
     |========= | 14%
     |
     |========== | 14%
     |
     |========== | 15%
     |
     |=========== | 15%
     |
     |=========== | 16%
     |
     |============ | 16%
     |
     |============ | 17%
     |
     |============ | 18%
     |
     |============= | 18%
     |
     |============= | 19%
     |
     |============== | 19%
     |
     |============== | 20%
     |
     |============== | 21%
     |
     |=============== | 21%
     |
     |=============== | 22%
     |
     |================ | 22%
     |
     |================ | 23%
     |
     |================ | 24%
     |
     |================= | 24%
     |
     |================= | 25%
     |
     |================== | 25%
     |
     |================== | 26%
     |
     |=================== | 26%
     |
     |=================== | 27%
     |
     |=================== | 28%
     |
     |==================== | 28%
     |
     |==================== | 29%
     |
     |===================== | 29%
     |
     |===================== | 30%
     |
     |===================== | 31%
     |
     |====================== | 31%
     |
     |====================== | 32%
     |
     |======================= | 32%
     |
     |======================= | 33%
     |
     |======================= | 34%
     |
     |======================== | 34%
     |
     |======================== | 35%
     |
     |========================= | 35%
     |
     |========================= | 36%
     |
     |========================== | 36%
     |
     |========================== | 37%
     |
     |========================== | 38%
     |
     |=========================== | 38%
     |
     |=========================== | 39%
     |
     |============================ | 39%
     |
     |============================ | 40%
     |
     |============================ | 41%
     |
     |============================= | 41%
     |
     |============================= | 42%
     |
     |============================== | 42%
     |
     |============================== | 43%
     |
     |============================== | 44%
     |
     |=============================== | 44%
     |
     |=============================== | 45%
     |
     |================================ | 45%
     |
     |================================ | 46%
     |
     |================================= | 46%
     |
     |================================= | 47%
     |
     |================================= | 48%
     |
     |================================== | 48%
     |
     |================================== | 49%
     |
     |=================================== | 49%
     |
     |=================================== | 50%
     |
     |=================================== | 51%
     |
     |==================================== | 51%
     |
     |==================================== | 52%
     |
     |===================================== | 52%
     |
     |===================================== | 53%
     |
     |===================================== | 54%
     |
     |====================================== | 54%
     |
     |====================================== | 55%
     |
     |======================================= | 55%
     |
     |======================================= | 56%
     |
     |======================================== | 56%
     |
     |======================================== | 57%
     |
     |======================================== | 58%
     |
     |========================================= | 58%
     |
     |========================================= | 59%
     |
     |========================================== | 59%
     |
     |========================================== | 60%
     |
     |========================================== | 61%
     |
     |=========================================== | 61%
     |
     |=========================================== | 62%
     |
     |============================================ | 62%
     |
     |============================================ | 63%
     |
     |============================================ | 64%
     |
     |============================================= | 64%
     |
     |============================================= | 65%
     |
     |============================================== | 65%
     |
     |============================================== | 66%
     |
     |=============================================== | 66%
     |
     |=============================================== | 67%
     |
     |=============================================== | 68%
     |
     |================================================ | 68%
     |
     |================================================ | 69%
     |
     |================================================= | 69%
     |
     |================================================= | 70%
     |
     |================================================= | 71%
     |
     |================================================== | 71%
     |
     |================================================== | 72%
     |
     |=================================================== | 72%
     |
     |=================================================== | 73%
     |
     |=================================================== | 74%
     |
     |==================================================== | 74%
     |
     |==================================================== | 75%
     |
     |===================================================== | 75%
     |
     |===================================================== | 76%
     |
     |====================================================== | 76%
     |
     |====================================================== | 77%
     |
     |====================================================== | 78%
     |
     |======================================================= | 78%
     |
     |======================================================= | 79%
     |
     |======================================================== | 79%
     |
     |======================================================== | 80%
     |
     |======================================================== | 81%
     |
     |========================================================= | 81%
     |
     |========================================================= | 82%
     |
     |========================================================== | 82%
     |
     |========================================================== | 83%
     |
     |========================================================== | 84%
     |
     |=========================================================== | 84%
     |
     |=========================================================== | 85%
     |
     |============================================================ | 85%
     |
     |============================================================ | 86%
     |
     |============================================================= | 86%
     |
     |============================================================= | 87%
     |
     |============================================================= | 88%
     |
     |============================================================== | 88%
     |
     |============================================================== | 89%
     |
     |=============================================================== | 89%
     |
     |=============================================================== | 90%
     |
     |=============================================================== | 91%
     |
     |================================================================ | 91%
     |
     |================================================================ | 92%
     |
     |================================================================= | 92%
     |
     |================================================================= | 93%
     |
     |================================================================= | 94%
     |
     |================================================================== | 94%
     |
     |================================================================== | 95%
     |
     |=================================================================== | 95%
     |
     |=================================================================== | 96%
     |
     |==================================================================== | 96%
     |
     |==================================================================== | 97%
     |
     |==================================================================== | 98%
     |
     |===================================================================== | 98%
     |
     |===================================================================== | 99%
     |
     |======================================================================| 99%
     |
     |======================================================================| 100%
     |
     | | 0%
     |
     | | 1%
     |
     |= | 1%
     |
     |= | 2%
     |
     |== | 2%
     |
     |== | 3%
     |
     |== | 4%
     |
     |=== | 4%
     |
     |=== | 5%
     |
     |==== | 5%
     |
     |==== | 6%
     |
     |===== | 6%
     |
     |===== | 7%
     |
     |===== | 8%
     |
     |====== | 8%
     |
     |====== | 9%
     |
     |======= | 9%
     |
     |======= | 10%
     |
     |======= | 11%
     |
     |======== | 11%
     |
     |======== | 12%
     |
     |========= | 12%
     |
     |========= | 13%
     |
     |========= | 14%
     |
     |========== | 14%
     |
     |========== | 15%
     |
     |=========== | 15%
     |
     |=========== | 16%
     |
     |============ | 16%
     |
     |============ | 17%
     |
     |============ | 18%
     |
     |============= | 18%
     |
     |============= | 19%
     |
     |============== | 19%
     |
     |============== | 20%
     |
     |============== | 21%
     |
     |=============== | 21%
     |
     |=============== | 22%
     |
     |================ | 22%
     |
     |================ | 23%
     |
     |================ | 24%
     |
     |================= | 24%
     |
     |================= | 25%
     |
     |================== | 25%
     |
     |================== | 26%
     |
     |=================== | 26%
     |
     |=================== | 27%
     |
     |=================== | 28%
     |
     |==================== | 28%
     |
     |==================== | 29%
     |
     |===================== | 29%
     |
     |===================== | 30%
     |
     |===================== | 31%
     |
     |====================== | 31%
     |
     |====================== | 32%
     |
     |======================= | 32%
     |
     |======================= | 33%
     |
     |======================= | 34%
     |
     |======================== | 34%
     |
     |======================== | 35%
     |
     |========================= | 35%
     |
     |========================= | 36%
     |
     |========================== | 36%
     |
     |========================== | 37%
     |
     |========================== | 38%
     |
     |=========================== | 38%
     |
     |=========================== | 39%
     |
     |============================ | 39%
     |
     |============================ | 40%
     |
     |============================ | 41%
     |
     |============================= | 41%
     |
     |============================= | 42%
     |
     |============================== | 42%
     |
     |============================== | 43%
     |
     |============================== | 44%
     |
     |=============================== | 44%
     |
     |=============================== | 45%
     |
     |================================ | 45%
     |
     |================================ | 46%
     |
     |================================= | 46%
     |
     |================================= | 47%
     |
     |================================= | 48%
     |
     |================================== | 48%
     |
     |================================== | 49%
     |
     |=================================== | 49%
     |
     |=================================== | 50%
     |
     |=================================== | 51%
     |
     |==================================== | 51%
     |
     |==================================== | 52%
     |
     |===================================== | 52%
     |
     |===================================== | 53%
     |
     |===================================== | 54%
     |
     |====================================== | 54%
     |
     |====================================== | 55%
     |
     |======================================= | 55%
     |
     |======================================= | 56%
     |
     |======================================== | 56%
     |
     |======================================== | 57%
     |
     |======================================== | 58%
     |
     |========================================= | 58%
     |
     |========================================= | 59%
     |
     |========================================== | 59%
     |
     |========================================== | 60%
     |
     |========================================== | 61%
     |
     |=========================================== | 61%
     |
     |=========================================== | 62%
     |
     |============================================ | 62%
     |
     |============================================ | 63%
     |
     |============================================ | 64%
     |
     |============================================= | 64%
     |
     |============================================= | 65%
     |
     |============================================== | 65%
     |
     |============================================== | 66%
     |
     |=============================================== | 66%
     |
     |=============================================== | 67%
     |
     |=============================================== | 68%
     |
     |================================================ | 68%
     |
     |================================================ | 69%
     |
     |================================================= | 69%
     |
     |================================================= | 70%
     |
     |================================================= | 71%
     |
     |================================================== | 71%
     |
     |================================================== | 72%
     |
     |=================================================== | 72%
     |
     |=================================================== | 73%
     |
     |=================================================== | 74%
     |
     |==================================================== | 74%
     |
     |==================================================== | 75%
     |
     |===================================================== | 75%
     |
     |===================================================== | 76%
     |
     |====================================================== | 76%
     |
     |====================================================== | 77%
     |
     |====================================================== | 78%
     |
     |======================================================= | 78%
     |
     |======================================================= | 79%
     |
     |======================================================== | 79%
     |
     |======================================================== | 80%
     |
     |======================================================== | 81%
     |
     |========================================================= | 81%
     |
     |========================================================= | 82%
     |
     |========================================================== | 82%
     |
     |========================================================== | 83%
     |
     |========================================================== | 84%
     |
     |=========================================================== | 84%
     |
     |=========================================================== | 85%
     |
     |============================================================ | 85%
     |
     |============================================================ | 86%
     |
     |============================================================= | 86%
     |
     |============================================================= | 87%
     |
     |============================================================= | 88%
     |
     |============================================================== | 88%
     |
     |============================================================== | 89%
     |
     |=============================================================== | 89%
     |
     |=============================================================== | 90%
     |
     |=============================================================== | 91%
     |
     |================================================================ | 91%
     |
     |================================================================ | 92%
     |
     |================================================================= | 92%
     |
     |================================================================= | 93%
     |
     |================================================================= | 94%
     |
     |================================================================== | 94%
     |
     |================================================================== | 95%
     |
     |=================================================================== | 95%
     |
     |=================================================================== | 96%
     |
     |==================================================================== | 96%
     |
     |==================================================================== | 97%
     |
     |==================================================================== | 98%
     |
     |===================================================================== | 98%
     |
     |===================================================================== | 99%
     |
     |======================================================================| 99%
     |
     |======================================================================| 100%
     |
     | | 0%
     |
     |= | 1%
     |
     |= | 2%
     |
     |== | 2%
     |
     |== | 3%
     |
     |=== | 4%
     |
     |=== | 5%
     |
     |==== | 5%
     |
     |==== | 6%
     |
     |===== | 6%
     |
     |===== | 7%
     |
     |===== | 8%
     |
     |====== | 8%
     |
     |====== | 9%
     |
     |======= | 10%
     |
     |======= | 11%
     |
     |======== | 11%
     |
     |======== | 12%
     |
     |========= | 12%
     |
     |========= | 13%
     |
     |========== | 14%
     |
     |========== | 15%
     |
     |=========== | 15%
     |
     |=========== | 16%
     |
     |============ | 17%
     |
     |============ | 18%
     |
     |============= | 18%
     |
     |============= | 19%
     |
     |============== | 19%
     |
     |============== | 20%
     |
     |============== | 21%
     |
     |=============== | 21%
     |
     |=============== | 22%
     |
     |================ | 23%
     |
     |================= | 24%
     |
     |================= | 25%
     |
     |================== | 25%
     |
     |================== | 26%
     |
     |=================== | 27%
     |
     |==================== | 28%
     |
     |==================== | 29%
     |
     |===================== | 29%
     |
     |===================== | 30%
     |
     |===================== | 31%
     |
     |====================== | 31%
     |
     |====================== | 32%
     |
     |======================= | 32%
     |
     |======================= | 33%
     |
     |======================== | 34%
     |
     |======================== | 35%
     |
     |========================= | 35%
     |
     |========================= | 36%
     |
     |========================== | 37%
     |
     |========================== | 38%
     |
     |=========================== | 38%
     |
     |=========================== | 39%
     |
     |============================ | 39%
     |
     |============================ | 40%
     |
     |============================= | 41%
     |
     |============================= | 42%
     |
     |============================== | 42%
     |
     |============================== | 43%
     |
     |============================== | 44%
     |
     |=============================== | 44%
     |
     |=============================== | 45%
     |
     |================================ | 45%
     |
     |================================ | 46%
     |
     |================================= | 47%
     |
     |================================= | 48%
     |
     |================================== | 48%
     |
     |================================== | 49%
     |
     |=================================== | 50%
     |
     |==================================== | 51%
     |
     |==================================== | 52%
     |
     |===================================== | 52%
     |
     |===================================== | 53%
     |
     |====================================== | 54%
     |
     |====================================== | 55%
     |
     |======================================= | 55%
     |
     |======================================= | 56%
     |
     |======================================== | 56%
     |
     |======================================== | 57%
     |
     |======================================== | 58%
     |
     |========================================= | 58%
     |
     |========================================= | 59%
     |
     |========================================== | 60%
     |
     |========================================== | 61%
     |
     |=========================================== | 61%
     |
     |=========================================== | 62%
     |
     |============================================ | 62%
     |
     |============================================ | 63%
     |
     |============================================= | 64%
     |
     |============================================= | 65%
     |
     |============================================== | 65%
     |
     |============================================== | 66%
     |
     |=============================================== | 67%
     |
     |=============================================== | 68%
     |
     |================================================ | 68%
     |
     |================================================ | 69%
     |
     |================================================= | 69%
     |
     |================================================= | 70%
     |
     |================================================= | 71%
     |
     |================================================== | 71%
     |
     |================================================== | 72%
     |
     |=================================================== | 73%
     |
     |==================================================== | 74%
     |
     |==================================================== | 75%
     |
     |===================================================== | 75%
     |
     |===================================================== | 76%
     |
     |====================================================== | 77%
     |
     |======================================================= | 78%
     |
     |======================================================= | 79%
     |
     |======================================================== | 79%
     |
     |======================================================== | 80%
     |
     |======================================================== | 81%
     |
     |========================================================= | 81%
     |
     |========================================================= | 82%
     |
     |========================================================== | 82%
     |
     |========================================================== | 83%
     |
     |=========================================================== | 84%
     |
     |=========================================================== | 85%
     |
     |============================================================ | 85%
     |
     |============================================================ | 86%
     |
     |============================================================= | 87%
     |
     |============================================================= | 88%
     |
     |============================================================== | 88%
     |
     |============================================================== | 89%
     |
     |=============================================================== | 89%
     |
     |=============================================================== | 90%
     |
     |================================================================ | 91%
     |
     |================================================================ | 92%
     |
     |================================================================= | 92%
     |
     |================================================================= | 93%
     |
     |================================================================= | 94%
     |
     |================================================================== | 94%
     |
     |================================================================== | 95%
     |
     |=================================================================== | 95%
     |
     |=================================================================== | 96%
     |
     |==================================================================== | 97%
     |
     |==================================================================== | 98%
     |
     |===================================================================== | 98%
     |
     |===================================================================== | 99%
     |
     |======================================================================| 100%
     |
     | | 0%
     |
     | | 1%
     |
     |= | 1%
     |
     |= | 2%
     |
     |== | 2%
     |
     |== | 3%
     |
     |=== | 4%
     |
     |=== | 5%
     |
     |==== | 5%
     |
     |==== | 6%
     |
     |===== | 7%
     |
     |===== | 8%
     |
     |====== | 8%
     |
     |====== | 9%
     |
     |======= | 9%
     |
     |======= | 10%
     |
     |======= | 11%
     |
     |======== | 11%
     |
     |======== | 12%
     |
     |========= | 12%
     |
     |========= | 13%
     |
     |========= | 14%
     |
     |========== | 14%
     |
     |========== | 15%
     |
     |=========== | 15%
     |
     |=========== | 16%
     |
     |============ | 16%
     |
     |============ | 17%
     |
     |============ | 18%
     |
     |============= | 18%
     |
     |============= | 19%
     |
     |============== | 19%
     |
     |============== | 20%
     |
     |============== | 21%
     |
     |=============== | 21%
     |
     |=============== | 22%
     |
     |================ | 22%
     |
     |================ | 23%
     |
     |================= | 24%
     |
     |================= | 25%
     |
     |================== | 25%
     |
     |================== | 26%
     |
     |=================== | 27%
     |
     |=================== | 28%
     |
     |==================== | 28%
     |
     |==================== | 29%
     |
     |===================== | 29%
     |
     |===================== | 30%
     |
     |===================== | 31%
     |
     |====================== | 31%
     |
     |====================== | 32%
     |
     |======================= | 32%
     |
     |======================= | 33%
     |
     |======================= | 34%
     |
     |======================== | 34%
     |
     |======================== | 35%
     |
     |========================= | 35%
     |
     |========================= | 36%
     |
     |========================== | 36%
     |
     |========================== | 37%
     |
     |========================== | 38%
     |
     |=========================== | 38%
     |
     |=========================== | 39%
     |
     |============================ | 39%
     |
     |============================ | 40%
     |
     |============================ | 41%
     |
     |============================= | 41%
     |
     |============================= | 42%
     |
     |============================== | 42%
     |
     |============================== | 43%
     |
     |=============================== | 44%
     |
     |=============================== | 45%
     |
     |================================ | 45%
     |
     |================================ | 46%
     |
     |================================= | 47%
     |
     |================================= | 48%
     |
     |================================== | 48%
     |
     |================================== | 49%
     |
     |=================================== | 49%
     |
     |=================================== | 50%
     |
     |=================================== | 51%
     |
     |==================================== | 51%
     |
     |==================================== | 52%
     |
     |===================================== | 52%
     |
     |===================================== | 53%
     |
     |====================================== | 54%
     |
     |====================================== | 55%
     |
     |======================================= | 55%
     |
     |======================================= | 56%
     |
     |======================================== | 57%
     |
     |======================================== | 58%
     |
     |========================================= | 58%
     |
     |========================================= | 59%
     |
     |========================================== | 59%
     |
     |========================================== | 60%
     |
     |========================================== | 61%
     |
     |=========================================== | 61%
     |
     |=========================================== | 62%
     |
     |============================================ | 62%
     |
     |============================================ | 63%
     |
     |============================================ | 64%
     |
     |============================================= | 64%
     |
     |============================================= | 65%
     |
     |============================================== | 65%
     |
     |============================================== | 66%
     |
     |=============================================== | 66%
     |
     |=============================================== | 67%
     |
     |=============================================== | 68%
     |
     |================================================ | 68%
     |
     |================================================ | 69%
     |
     |================================================= | 69%
     |
     |================================================= | 70%
     |
     |================================================= | 71%
     |
     |================================================== | 71%
     |
     |================================================== | 72%
     |
     |=================================================== | 72%
     |
     |=================================================== | 73%
     |
     |==================================================== | 74%
     |
     |==================================================== | 75%
     |
     |===================================================== | 75%
     |
     |===================================================== | 76%
     |
     |====================================================== | 77%
     |
     |====================================================== | 78%
     |
     |======================================================= | 78%
     |
     |======================================================= | 79%
     |
     |======================================================== | 79%
     |
     |======================================================== | 80%
     |
     |======================================================== | 81%
     |
     |========================================================= | 81%
     |
     |========================================================= | 82%
     |
     |========================================================== | 82%
     |
     |========================================================== | 83%
     |
     |========================================================== | 84%
     |
     |=========================================================== | 84%
     |
     |=========================================================== | 85%
     |
     |============================================================ | 85%
     |
     |============================================================ | 86%
     |
     |============================================================= | 86%
     |
     |============================================================= | 87%
     |
     |============================================================= | 88%
     |
     |============================================================== | 88%
     |
     |============================================================== | 89%
     |
     |=============================================================== | 89%
     |
     |=============================================================== | 90%
     |
     |=============================================================== | 91%
     |
     |================================================================ | 91%
     |
     |================================================================ | 92%
     |
     |================================================================= | 92%
     |
     |================================================================= | 93%
     |
     |================================================================== | 94%
     |
     |================================================================== | 95%
     |
     |=================================================================== | 95%
     |
     |=================================================================== | 96%
     |
     |==================================================================== | 97%
     |
     |==================================================================== | 98%
     |
     |===================================================================== | 98%
     |
     |===================================================================== | 99%
     |
     |======================================================================| 99%
     |
     |======================================================================| 100%
     |
     | | 0%
     |
     | | 1%
     |
     |= | 1%
     |
     |= | 2%
     |
     |== | 2%
     |
     |== | 3%
     |
     |== | 4%
     |
     |=== | 4%
     |
     |=== | 5%
     |
     |==== | 5%
     |
     |==== | 6%
     |
     |===== | 6%
     |
     |===== | 7%
     |
     |===== | 8%
     |
     |====== | 8%
     |
     |====== | 9%
     |
     |======= | 9%
     |
     |======= | 10%
     |
     |======= | 11%
     |
     |======== | 11%
     |
     |======== | 12%
     |
     |========= | 12%
     |
     |========= | 13%
     |
     |========= | 14%
     |
     |========== | 14%
     |
     |========== | 15%
     |
     |=========== | 15%
     |
     |=========== | 16%
     |
     |============ | 16%
     |
     |============ | 17%
     |
     |============ | 18%
     |
     |============= | 18%
     |
     |============= | 19%
     |
     |============== | 19%
     |
     |============== | 20%
     |
     |============== | 21%
     |
     |=============== | 21%
     |
     |=============== | 22%
     |
     |================ | 22%
     |
     |================ | 23%
     |
     |================ | 24%
     |
     |================= | 24%
     |
     |================= | 25%
     |
     |================== | 25%
     |
     |================== | 26%
     |
     |=================== | 26%
     |
     |=================== | 27%
     |
     |=================== | 28%
     |
     |==================== | 28%
     |
     |==================== | 29%
     |
     |===================== | 29%
     |
     |===================== | 30%
     |
     |===================== | 31%
     |
     |====================== | 31%
     |
     |====================== | 32%
     |
     |======================= | 32%
     |
     |======================= | 33%
     |
     |======================= | 34%
     |
     |======================== | 34%
     |
     |======================== | 35%
     |
     |========================= | 35%
     |
     |========================= | 36%
     |
     |========================== | 36%
     |
     |========================== | 37%
     |
     |========================== | 38%
     |
     |=========================== | 38%
     |
     |=========================== | 39%
     |
     |============================ | 39%
     |
     |============================ | 40%
     |
     |============================ | 41%
     |
     |============================= | 41%
     |
     |============================= | 42%
     |
     |============================== | 42%
     |
     |============================== | 43%
     |
     |============================== | 44%
     |
     |=============================== | 44%
     |
     |=============================== | 45%
     |
     |================================ | 45%
     |
     |================================ | 46%
     |
     |================================= | 46%
     |
     |================================= | 47%
     |
     |================================= | 48%
     |
     |================================== | 48%
     |
     |================================== | 49%
     |
     |=================================== | 49%
     |
     |=================================== | 50%
     |
     |=================================== | 51%
     |
     |==================================== | 51%
     |
     |==================================== | 52%
     |
     |===================================== | 52%
     |
     |===================================== | 53%
     |
     |===================================== | 54%
     |
     |====================================== | 54%
     |
     |====================================== | 55%
     |
     |======================================= | 55%
     |
     |======================================= | 56%
     |
     |======================================== | 56%
     |
     |======================================== | 57%
     |
     |======================================== | 58%
     |
     |========================================= | 58%
     |
     |========================================= | 59%
     |
     |========================================== | 59%
     |
     |========================================== | 60%
     |
     |========================================== | 61%
     |
     |=========================================== | 61%
     |
     |=========================================== | 62%
     |
     |============================================ | 62%
     |
     |============================================ | 63%
     |
     |============================================ | 64%
     |
     |============================================= | 64%
     |
     |============================================= | 65%
     |
     |============================================== | 65%
     |
     |============================================== | 66%
     |
     |=============================================== | 66%
     |
     |=============================================== | 67%
     |
     |=============================================== | 68%
     |
     |================================================ | 68%
     |
     |================================================ | 69%
     |
     |================================================= | 69%
     |
     |================================================= | 70%
     |
     |================================================= | 71%
     |
     |================================================== | 71%
     |
     |================================================== | 72%
     |
     |=================================================== | 72%
     |
     |=================================================== | 73%
     |
     |=================================================== | 74%
     |
     |==================================================== | 74%
     |
     |==================================================== | 75%
     |
     |===================================================== | 75%
     |
     |===================================================== | 76%
     |
     |====================================================== | 76%
     |
     |====================================================== | 77%
     |
     |====================================================== | 78%
     |
     |======================================================= | 78%
     |
     |======================================================= | 79%
     |
     |======================================================== | 79%
     |
     |======================================================== | 80%
     |
     |======================================================== | 81%
     |
     |========================================================= | 81%
     |
     |========================================================= | 82%
     |
     |========================================================== | 82%
     |
     |========================================================== | 83%
     |
     |========================================================== | 84%
     |
     |=========================================================== | 84%
     |
     |=========================================================== | 85%
     |
     |============================================================ | 85%
     |
     |============================================================ | 86%
     |
     |============================================================= | 86%
     |
     |============================================================= | 87%
     |
     |============================================================= | 88%
     |
     |============================================================== | 88%
     |
     |============================================================== | 89%
     |
     |=============================================================== | 89%
     |
     |=============================================================== | 90%
     |
     |=============================================================== | 91%
     |
     |================================================================ | 91%
     |
     |================================================================ | 92%
     |
     |================================================================= | 92%
     |
     |================================================================= | 93%
     |
     |================================================================= | 94%
     |
     |================================================================== | 94%
     |
     |================================================================== | 95%
     |
     |=================================================================== | 95%
     |
     |=================================================================== | 96%
     |
     |==================================================================== | 96%
     |
     |==================================================================== | 97%
     |
     |==================================================================== | 98%
     |
     |===================================================================== | 98%
     |
     |===================================================================== | 99%
     |
     |======================================================================| 99%
     |
     |======================================================================| 100%
     |
     | | 0%
     |
     | | 1%
     |
     |= | 1%
     |
     |= | 2%
     |
     |== | 2%
     |
     |== | 3%
     |
     |=== | 4%
     |
     |=== | 5%
     |
     |==== | 5%
     |
     |==== | 6%
     |
     |===== | 6%
     |
     |===== | 7%
     |
     |===== | 8%
     |
     |====== | 8%
     |
     |====== | 9%
     |
     |======= | 9%
     |
     |======= | 10%
     |
     |======= | 11%
     |
     |======== | 11%
     |
     |======== | 12%
     |
     |========= | 12%
     |
     |========= | 13%
     |
     |========== | 14%
     |
     |========== | 15%
     |
     |=========== | 15%
     |
     |=========== | 16%
     |
     |============ | 17%
     |
     |============ | 18%
     |
     |============= | 18%
     |
     |============= | 19%
     |
     |============== | 19%
     |
     |============== | 20%
     |
     |============== | 21%
     |
     |=============== | 21%
     |
     |=============== | 22%
     |
     |================ | 22%
     |
     |================ | 23%
     |
     |================ | 24%
     |
     |================= | 24%
     |
     |================= | 25%
     |
     |================== | 25%
     |
     |================== | 26%
     |
     |=================== | 26%
     |
     |=================== | 27%
     |
     |=================== | 28%
     |
     |==================== | 28%
     |
     |==================== | 29%
     |
     |===================== | 29%
     |
     |===================== | 30%
     |
     |===================== | 31%
     |
     |====================== | 31%
     |
     |====================== | 32%
     |
     |======================= | 32%
     |
     |======================= | 33%
     |
     |======================== | 34%
     |
     |======================== | 35%
     |
     |========================= | 35%
     |
     |========================= | 36%
     |
     |========================== | 37%
     |
     |========================== | 38%
     |
     |=========================== | 38%
     |
     |=========================== | 39%
     |
     |============================ | 39%
     |
     |============================ | 40%
     |
     |============================ | 41%
     |
     |============================= | 41%
     |
     |============================= | 42%
     |
     |============================== | 42%
     |
     |============================== | 43%
     |
     |============================== | 44%
     |
     |=============================== | 44%
     |
     |=============================== | 45%
     |
     |================================ | 45%
     |
     |================================ | 46%
     |
     |================================= | 47%
     |
     |================================= | 48%
     |
     |================================== | 48%
     |
     |================================== | 49%
     |
     |=================================== | 49%
     |
     |=================================== | 50%
     |
     |=================================== | 51%
     |
     |==================================== | 51%
     |
     |==================================== | 52%
     |
     |===================================== | 52%
     |
     |===================================== | 53%
     |
     |====================================== | 54%
     |
     |====================================== | 55%
     |
     |======================================= | 55%
     |
     |======================================= | 56%
     |
     |======================================== | 56%
     |
     |======================================== | 57%
     |
     |======================================== | 58%
     |
     |========================================= | 58%
     |
     |========================================= | 59%
     |
     |========================================== | 59%
     |
     |========================================== | 60%
     |
     |========================================== | 61%
     |
     |=========================================== | 61%
     |
     |=========================================== | 62%
     |
     |============================================ | 62%
     |
     |============================================ | 63%
     |
     |============================================= | 64%
     |
     |============================================= | 65%
     |
     |============================================== | 65%
     |
     |============================================== | 66%
     |
     |=============================================== | 67%
     |
     |=============================================== | 68%
     |
     |================================================ | 68%
     |
     |================================================ | 69%
     |
     |================================================= | 69%
     |
     |================================================= | 70%
     |
     |================================================= | 71%
     |
     |================================================== | 71%
     |
     |================================================== | 72%
     |
     |=================================================== | 72%
     |
     |=================================================== | 73%
     |
     |=================================================== | 74%
     |
     |==================================================== | 74%
     |
     |==================================================== | 75%
     |
     |===================================================== | 75%
     |
     |===================================================== | 76%
     |
     |====================================================== | 76%
     |
     |====================================================== | 77%
     |
     |====================================================== | 78%
     |
     |======================================================= | 78%
     |
     |======================================================= | 79%
     |
     |======================================================== | 79%
     |
     |======================================================== | 80%
     |
     |======================================================== | 81%
     |
     |========================================================= | 81%
     |
     |========================================================= | 82%
     |
     |========================================================== | 82%
     |
     |========================================================== | 83%
     |
     |=========================================================== | 84%
     |
     |=========================================================== | 85%
     |
     |============================================================ | 85%
     |
     |============================================================ | 86%
     |
     |============================================================= | 87%
     |
     |============================================================= | 88%
     |
     |============================================================== | 88%
     |
     |============================================================== | 89%
     |
     |=============================================================== | 89%
     |
     |=============================================================== | 90%
     |
     |=============================================================== | 91%
     |
     |================================================================ | 91%
     |
     |================================================================ | 92%
     |
     |================================================================= | 92%
     |
     |================================================================= | 93%
     |
     |================================================================= | 94%
     |
     |================================================================== | 94%
     |
     |================================================================== | 95%
     |
     |=================================================================== | 95%
     |
     |=================================================================== | 96%
     |
     |==================================================================== | 97%
     |
     |==================================================================== | 98%
     |
     |===================================================================== | 98%
     |
     |===================================================================== | 99%
     |
     |======================================================================| 99%
     |
     |======================================================================| 100%
     |
     | | 0%
     |
     | | 1%
     |
     |= | 1%
     |
     |= | 2%
     |
     |== | 2%
     |
     |== | 3%
     |
     |=== | 4%
     |
     |==== | 5%
     |
     |==== | 6%
     |
     |===== | 7%
     |
     |===== | 8%
     |
     |====== | 8%
     |
     |====== | 9%
     |
     |======= | 9%
     |
     |======= | 10%
     |
     |======= | 11%
     |
     |======== | 11%
     |
     |======== | 12%
     |
     |========= | 12%
     |
     |========= | 13%
     |
     |========== | 14%
     |
     |========== | 15%
     |
     |=========== | 15%
     |
     |=========== | 16%
     |
     |============ | 17%
     |
     |============= | 18%
     |
     |============= | 19%
     |
     |============== | 20%
     |
     |============== | 21%
     |
     |=============== | 21%
     |
     |=============== | 22%
     |
     |================ | 22%
     |
     |================ | 23%
     |
     |================= | 24%
     |
     |================= | 25%
     |
     |================== | 25%
     |
     |================== | 26%
     |
     |=================== | 27%
     |
     |==================== | 28%
     |
     |==================== | 29%
     |
     |===================== | 30%
     |
     |====================== | 31%
     |
     |====================== | 32%
     |
     |======================= | 32%
     |
     |======================= | 33%
     |
     |======================= | 34%
     |
     |======================== | 34%
     |
     |======================== | 35%
     |
     |========================= | 35%
     |
     |========================= | 36%
     |
     |========================== | 37%
     |
     |=========================== | 38%
     |
     |=========================== | 39%
     |
     |============================ | 40%
     |
     |============================= | 41%
     |
     |============================= | 42%
     |
     |============================== | 42%
     |
     |============================== | 43%
     |
     |=============================== | 44%
     |
     |=============================== | 45%
     |
     |================================ | 45%
     |
     |================================ | 46%
     |
     |================================= | 47%
     |
     |================================== | 48%
     |
     |================================== | 49%
     |
     |=================================== | 50%
     |
     |==================================== | 51%
     |
     |==================================== | 52%
     |
     |===================================== | 53%
     |
     |====================================== | 54%
     |
     |====================================== | 55%
     |
     |======================================= | 55%
     |
     |======================================= | 56%
     |
     |======================================== | 57%
     |
     |======================================== | 58%
     |
     |========================================= | 58%
     |
     |========================================= | 59%
     |
     |========================================== | 60%
     |
     |=========================================== | 61%
     |
     |=========================================== | 62%
     |
     |============================================ | 63%
     |
     |============================================= | 64%
     |
     |============================================= | 65%
     |
     |============================================== | 65%
     |
     |============================================== | 66%
     |
     |=============================================== | 66%
     |
     |=============================================== | 67%
     |
     |=============================================== | 68%
     |
     |================================================ | 68%
     |
     |================================================ | 69%
     |
     |================================================= | 70%
     |
     |================================================== | 71%
     |
     |================================================== | 72%
     |
     |=================================================== | 73%
     |
     |==================================================== | 74%
     |
     |==================================================== | 75%
     |
     |===================================================== | 75%
     |
     |===================================================== | 76%
     |
     |====================================================== | 77%
     |
     |====================================================== | 78%
     |
     |======================================================= | 78%
     |
     |======================================================= | 79%
     |
     |======================================================== | 79%
     |
     |======================================================== | 80%
     |
     |========================================================= | 81%
     |
     |========================================================= | 82%
     |
     |========================================================== | 83%
     |
     |=========================================================== | 84%
     |
     |=========================================================== | 85%
     |
     |============================================================ | 85%
     |
     |============================================================ | 86%
     |
     |============================================================= | 87%
     |
     |============================================================= | 88%
     |
     |============================================================== | 88%
     |
     |============================================================== | 89%
     |
     |=============================================================== | 89%
     |
     |=============================================================== | 90%
     |
     |=============================================================== | 91%
     |
     |================================================================ | 91%
     |
     |================================================================ | 92%
     |
     |================================================================= | 92%
     |
     |================================================================= | 93%
     |
     |================================================================== | 94%
     |
     |================================================================== | 95%
     |
     |=================================================================== | 96%
     |
     |==================================================================== | 97%
     |
     |==================================================================== | 98%
     |
     |===================================================================== | 98%
     |
     |===================================================================== | 99%
     |
     |======================================================================| 99%
     |
     |======================================================================| 100%
     |
     | | 0%
     |
     | | 1%
     |
     |= | 1%
     |
     |= | 2%
     |
     |== | 2%
     |
     |== | 3%
     |
     |=== | 4%
     |
     |==== | 5%
     |
     |==== | 6%
     |
     |===== | 7%
     |
     |===== | 8%
     |
     |====== | 8%
     |
     |====== | 9%
     |
     |======= | 9%
     |
     |======= | 10%
     |
     |======= | 11%
     |
     |======== | 11%
     |
     |======== | 12%
     |
     |========= | 12%
     |
     |========= | 13%
     |
     |========== | 14%
     |
     |========== | 15%
     |
     |=========== | 15%
     |
     |=========== | 16%
     |
     |============ | 17%
     |
     |============= | 18%
     |
     |============= | 19%
     |
     |============== | 20%
     |
     |============== | 21%
     |
     |=============== | 21%
     |
     |=============== | 22%
     |
     |================ | 22%
     |
     |================ | 23%
     |
     |================= | 24%
     |
     |================= | 25%
     |
     |================== | 25%
     |
     |================== | 26%
     |
     |=================== | 27%
     |
     |==================== | 28%
     |
     |==================== | 29%
     |
     |===================== | 30%
     |
     |====================== | 31%
     |
     |====================== | 32%
     |
     |======================= | 32%
     |
     |======================= | 33%
     |
     |======================= | 34%
     |
     |======================== | 34%
     |
     |======================== | 35%
     |
     |========================= | 35%
     |
     |========================= | 36%
     |
     |========================== | 37%
     |
     |=========================== | 38%
     |
     |=========================== | 39%
     |
     |============================ | 40%
     |
     |============================= | 41%
     |
     |============================= | 42%
     |
     |============================== | 42%
     |
     |============================== | 43%
     |
     |=============================== | 44%
     |
     |=============================== | 45%
     |
     |================================ | 45%
     |
     |================================ | 46%
     |
     |================================= | 47%
     |
     |================================== | 48%
     |
     |================================== | 49%
     |
     |=================================== | 50%
     |
     |==================================== | 51%
     |
     |==================================== | 52%
     |
     |===================================== | 53%
     |
     |====================================== | 54%
     |
     |====================================== | 55%
     |
     |======================================= | 55%
     |
     |======================================= | 56%
     |
     |======================================== | 57%
     |
     |======================================== | 58%
     |
     |========================================= | 58%
     |
     |========================================= | 59%
     |
     |========================================== | 60%
     |
     |=========================================== | 61%
     |
     |=========================================== | 62%
     |
     |============================================ | 63%
     |
     |============================================= | 64%
     |
     |============================================= | 65%
     |
     |============================================== | 65%
     |
     |============================================== | 66%
     |
     |=============================================== | 66%
     |
     |=============================================== | 67%
     |
     |=============================================== | 68%
     |
     |================================================ | 68%
     |
     |================================================ | 69%
     |
     |================================================= | 70%
     |
     |================================================== | 71%
     |
     |================================================== | 72%
     |
     |=================================================== | 73%
     |
     |==================================================== | 74%
     |
     |==================================================== | 75%
     |
     |===================================================== | 75%
     |
     |===================================================== | 76%
     |
     |====================================================== | 77%
     |
     |====================================================== | 78%
     |
     |======================================================= | 78%
     |
     |======================================================= | 79%
     |
     |======================================================== | 79%
     |
     |======================================================== | 80%
     |
     |========================================================= | 81%
     |
     |========================================================= | 82%
     |
     |========================================================== | 83%
     |
     |=========================================================== | 84%
     |
     |=========================================================== | 85%
     |
     |============================================================ | 85%
     |
     |============================================================ | 86%
     |
     |============================================================= | 87%
     |
     |============================================================= | 88%
     |
     |============================================================== | 88%
     |
     |============================================================== | 89%
     |
     |=============================================================== | 89%
     |
     |=============================================================== | 90%
     |
     |=============================================================== | 91%
     |
     |================================================================ | 91%
     |
     |================================================================ | 92%
     |
     |================================================================= | 92%
     |
     |================================================================= | 93%
     |
     |================================================================== | 94%
     |
     |================================================================== | 95%
     |
     |=================================================================== | 96%
     |
     |==================================================================== | 97%
     |
     |==================================================================== | 98%
     |
     |===================================================================== | 98%
     |
     |===================================================================== | 99%
     |
     |======================================================================| 99%
     |
     |======================================================================| 100%[ FAIL 1 | WARN 0 | SKIP 0 | PASS 35 ]
    
     ══ Failed tests ════════════════════════════════════════════════════════════════
     ── Error (test-LDLcalc.R:6:3): Test All9Models & Stacking Algorithm Model ──────
     Error: Required packages are missing: gbm
     Backtrace:
     ▆
     1. └─LDLcalc::LDL_ML_Main_StackingAlgorithm(...) at test-LDLcalc.R:6:2
     2. └─LDLcalc:::LDL_ML_train_StackingAlgorithm(trainData)
     3. ├─utils::capture.output(...)
     4. │ └─base::withVisible(...elt(i))
     5. └─caretEnsemble::caretList(...)
     6. └─base::lapply(...)
     7. └─caretEnsemble (local) FUN(X[[i]], ...)
     8. ├─base::do.call(train, model_args)
     9. ├─caret (local) `<fn>`(...)
     10. └─caret:::train.formula(...)
     11. ├─caret::train(x, y, weights = w, ...)
     12. └─caret:::train.default(x, y, weights = w, ...)
     13. └─caret::checkInstall(models$library)
    
     [ FAIL 1 | WARN 0 | SKIP 0 | PASS 35 ]
     Error: Test failures
     Execution halted
Flavor: r-devel-linux-x86_64-debian-gcc

Version: 2.0
Check: whether package can be installed
Result: WARN
    Found the following significant warnings:
     Warning: namespace 'caret' is not available and has been replaced
Flavor: r-oldrel-windows-ix86+x86_64