CRAN Package Check Results for Package LDheatmap

Last updated on 2020-02-21 22:51:11 CET.

Flavor Version Tinstall Tcheck Ttotal Status Flags
r-devel-linux-x86_64-debian-clang 0.99-7 20.00 77.38 97.38 OK
r-devel-linux-x86_64-debian-gcc 0.99-7 13.24 60.31 73.55 OK
r-devel-linux-x86_64-fedora-clang 0.99-7 128.99 OK
r-devel-linux-x86_64-fedora-gcc 0.99-7 117.99 OK
r-devel-windows-ix86+x86_64 0.99-7 40.00 113.00 153.00 OK
r-devel-windows-ix86+x86_64-gcc8 0.99-7 58.00 167.00 225.00 OK
r-patched-linux-x86_64 0.99-7 OK
r-patched-solaris-x86 0.99-7 146.90 OK
r-release-linux-x86_64 0.99-7 18.41 68.32 86.73 OK
r-release-windows-ix86+x86_64 0.99-7 41.00 125.00 166.00 OK
r-release-osx-x86_64 0.99-7 OK
r-oldrel-windows-ix86+x86_64 0.99-7 43.00 114.00 157.00 OK
r-oldrel-osx-x86_64 0.99-7 NOTE

Check Details

Version: 0.99-7
Check: package dependencies
Result: NOTE
    Package suggested but not available for checking: ‘rtracklayer’
Flavor: r-oldrel-osx-x86_64