Last updated on 2023-12-05 23:05:25 CET.
Flavor | Version | Tinstall | Tcheck | Ttotal | Status | Flags |
---|---|---|---|---|---|---|
r-devel-linux-x86_64-debian-clang | 1.0.6 | 47.11 | 76.83 | 123.94 | OK | |
r-devel-linux-x86_64-debian-gcc | 1.0.6 | 35.61 | 58.67 | 94.28 | OK | |
r-devel-linux-x86_64-fedora-clang | 1.0.6 | 176.44 | NOTE | |||
r-devel-linux-x86_64-fedora-gcc | 1.0.6 | 196.28 | NOTE | |||
r-devel-windows-x86_64 | 1.0.6 | 42.00 | 104.00 | 146.00 | OK | |
r-patched-linux-x86_64 | 1.0.6 | 37.45 | 74.16 | 111.61 | OK | |
r-release-linux-x86_64 | 1.0.6 | 41.51 | 74.63 | 116.14 | OK | |
r-release-macos-arm64 | 1.0.6 | 55.00 | OK | |||
r-release-macos-x86_64 | 1.0.6 | 127.00 | OK | |||
r-release-windows-x86_64 | 1.0.6 | 56.00 | 115.00 | 171.00 | OK | |
r-oldrel-macos-arm64 | 1.0.6 | 55.00 | OK | |||
r-oldrel-macos-x86_64 | 1.0.5 | 65.00 | OK | |||
r-oldrel-windows-x86_64 | 1.0.6 | 50.00 | 112.00 | 162.00 | OK |
Version: 1.0.6
Check: dependencies in R code
Result: NOTE
Namespaces in Imports field not imported from:
‘agridat’ ‘ggplot2’ ‘maps’ ‘sf’
All declared Imports should be used.
Flavors: r-devel-linux-x86_64-fedora-clang, r-devel-linux-x86_64-fedora-gcc