CRAN Package Check Results for Package LOST

Last updated on 2021-05-06 22:55:25 CEST.

Flavor Version Tinstall Tcheck Ttotal Status Flags
r-devel-linux-x86_64-debian-clang 2.0.2 14.38 126.24 140.62 OK
r-devel-linux-x86_64-debian-gcc 2.0.2 11.38 94.46 105.84 OK
r-devel-linux-x86_64-fedora-clang 2.0.2 174.84 OK
r-devel-linux-x86_64-fedora-gcc 2.0.2 169.41 OK
r-devel-windows-ix86+x86_64 2.0.2 36.00 141.00 177.00 OK
r-devel-windows-x86_64-gcc10-UCRT 2.0.2 OK
r-patched-linux-x86_64 2.0.2 12.86 118.58 131.44 OK
r-patched-solaris-x86 2.0.2 231.40 OK
r-release-linux-x86_64 2.0.2 13.11 113.15 126.26 OK
r-release-macos-x86_64 2.0.2 OK
r-release-windows-ix86+x86_64 2.0.2 26.00 108.00 134.00 OK
r-oldrel-macos-x86_64 2.0.2 WARN
r-oldrel-windows-ix86+x86_64 2.0.2 29.00 5.00 34.00 ERROR

Check Details

Version: 2.0.2
Check: whether package can be installed
Result: WARN
    Found the following significant warnings:
     Warning: 'rgl.init' failed, running with 'rgl.useNULL = TRUE'.
Flavor: r-oldrel-macos-x86_64

Version: 2.0.2
Check: whether package can be installed
Result: ERROR
    Installation failed.
Flavor: r-oldrel-windows-ix86+x86_64